Nov 12 11:44:42.713745 np7f170a1b5c204 devstack@n-api-meta.service[80490]: DEBUG nova.api.openstack.wsgi_app [None req-cb89f462-bcca-46e7-97be-9abab76e9739 None None] oslo_messaging_rabbit.kombu_compression = None {{(pid=80490) log_opt_values /opt/stack/data/venv/lib/python3.12/site-packages/oslo_config/cfg.py:2824}}
Nov 12 11:44:42.714828 np7f170a1b5c204 devstack@n-api-meta.service[80490]: DEBUG nova.api.openstack.wsgi_app [None req-cb89f462-bcca-46e7-97be-9abab76e9739 None None] oslo_messaging_rabbit.kombu_failover_strategy = round-robin {{(pid=80490) log_opt_values /opt/stack/data/venv/lib/python3.12/site-packages/oslo_config/cfg.py:2824}}
Nov 12 11:44:42.714828 np7f170a1b5c204 devstack@n-api-meta.service[80490]: DEBUG nova.api.openstack.wsgi_app [None req-cb89f462-bcca-46e7-97be-9abab76e9739 None None] oslo_messaging_rabbit.kombu_missing_consumer_retry_timeout = 60 {{(pid=80490) log_opt_values /opt/stack/data/venv/lib/python3.12/site-packages/oslo_config/cfg.py:2824}}
Nov 12 11:44:42.714828 np7f170a1b5c204 devstack@n-api-meta.service[80490]: DEBUG nova.api.openstack.wsgi_app [None req-cb89f462-bcca-46e7-97be-9abab76e9739 None None] oslo_messaging_rabbit.kombu_reconnect_delay = 1.0 {{(pid=80490) log_opt_values /opt/stack/data/venv/lib/python3.12/site-packages/oslo_config/cfg.py:2824}}
Nov 12 11:44:42.714828 np7f170a1b5c204 devstack@n-api-meta.service[80490]: DEBUG nova.api.openstack.wsgi_app [None req-cb89f462-bcca-46e7-97be-9abab76e9739 None None] oslo_messaging_rabbit.kombu_reconnect_splay = 0.0 {{(pid=80490) log_opt_values /opt/stack/data/venv/lib/python3.12/site-packages/oslo_config/cfg.py:2824}}
Nov 12 11:44:42.714828 np7f170a1b5c204 devstack@n-api-meta.service[80490]: DEBUG nova.api.openstack.wsgi_app [None req-cb89f462-bcca-46e7-97be-9abab76e9739 None None] oslo_messaging_rabbit.processname = uwsgi {{(pid=80490) log_opt_values /opt/stack/data/venv/lib/python3.12/site-packages/oslo_config/cfg.py:2824}}
Nov 12 11:44:42.714828 np7f170a1b5c204 devstack@n-api-meta.service[80490]: DEBUG nova.api.openstack.wsgi_app [None req-cb89f462-bcca-46e7-97be-9abab76e9739 None None] oslo_messaging_rabbit.rabbit_ha_queues = False {{(pid=80490) log_opt_values /opt/stack/data/venv/lib/python3.12/site-packages/oslo_config/cfg.py:2824}}
Nov 12 11:44:42.714828 np7f170a1b5c204 devstack@n-api-meta.service[80490]: DEBUG nova.api.openstack.wsgi_app [None req-cb89f462-bcca-46e7-97be-9abab76e9739 None None] oslo_messaging_rabbit.rabbit_interval_max = 30 {{(pid=80490) log_opt_values /opt/stack/data/venv/lib/python3.12/site-packages/oslo_config/cfg.py:2824}}
Nov 12 11:44:42.715072 np7f170a1b5c204 devstack@n-api-meta.service[80490]: DEBUG nova.api.openstack.wsgi_app [None req-cb89f462-bcca-46e7-97be-9abab76e9739 None None] oslo_messaging_rabbit.rabbit_login_method = AMQPLAIN {{(pid=80490) log_opt_values /opt/stack/data/venv/lib/python3.12/site-packages/oslo_config/cfg.py:2824}}
Nov 12 11:44:42.715072 np7f170a1b5c204 devstack@n-api-meta.service[80490]: DEBUG nova.api.openstack.wsgi_app [None req-cb89f462-bcca-46e7-97be-9abab76e9739 None None] oslo_messaging_rabbit.rabbit_qos_prefetch_count = 0 {{(pid=80490) log_opt_values /opt/stack/data/venv/lib/python3.12/site-packages/oslo_config/cfg.py:2824}}
Nov 12 11:44:42.715072 np7f170a1b5c204 devstack@n-api-meta.service[80490]: DEBUG nova.api.openstack.wsgi_app [None req-cb89f462-bcca-46e7-97be-9abab76e9739 None None] oslo_messaging_rabbit.rabbit_quorum_delivery_limit = 0 {{(pid=80490) log_opt_values /opt/stack/data/venv/lib/python3.12/site-packages/oslo_config/cfg.py:2824}}
Nov 12 11:44:42.715072 np7f170a1b5c204 devstack@n-api-meta.service[80490]: DEBUG nova.api.openstack.wsgi_app [None req-cb89f462-bcca-46e7-97be-9abab76e9739 None None] oslo_messaging_rabbit.rabbit_quorum_max_memory_bytes = 0 {{(pid=80490) log_opt_values /opt/stack/data/venv/lib/python3.12/site-packages/oslo_config/cfg.py:2824}}
Nov 12 11:44:42.715072 np7f170a1b5c204 devstack@n-api-meta.service[80490]: DEBUG nova.api.openstack.wsgi_app [None req-cb89f462-bcca-46e7-97be-9abab76e9739 None None] oslo_messaging_rabbit.rabbit_quorum_max_memory_length = 0 {{(pid=80490) log_opt_values /opt/stack/data/venv/lib/python3.12/site-packages/oslo_config/cfg.py:2824}}
Nov 12 11:44:42.715160 np7f170a1b5c204 devstack@n-api-meta.service[80490]: DEBUG nova.api.openstack.wsgi_app [None req-cb89f462-bcca-46e7-97be-9abab76e9739 None None] oslo_messaging_rabbit.rabbit_quorum_queue = False {{(pid=80490) log_opt_values /opt/stack/data/venv/lib/python3.12/site-packages/oslo_config/cfg.py:2824}}
Nov 12 11:44:42.715273 np7f170a1b5c204 devstack@n-api-meta.service[80490]: DEBUG nova.api.openstack.wsgi_app [None req-cb89f462-bcca-46e7-97be-9abab76e9739 None None] oslo_messaging_rabbit.rabbit_retry_backoff = 2 {{(pid=80490) log_opt_values /opt/stack/data/venv/lib/python3.12/site-packages/oslo_config/cfg.py:2824}}
Nov 12 11:44:42.715333 np7f170a1b5c204 devstack@n-api-meta.service[80490]: DEBUG nova.api.openstack.wsgi_app [None req-cb89f462-bcca-46e7-97be-9abab76e9739 None None] oslo_messaging_rabbit.rabbit_retry_interval = 1 {{(pid=80490) log_opt_values /opt/stack/data/venv/lib/python3.12/site-packages/oslo_config/cfg.py:2824}}
Nov 12 11:44:42.715434 np7f170a1b5c204 devstack@n-api-meta.service[80490]: DEBUG nova.api.openstack.wsgi_app [None req-cb89f462-bcca-46e7-97be-9abab76e9739 None None] oslo_messaging_rabbit.rabbit_stream_fanout = False {{(pid=80490) log_opt_values /opt/stack/data/venv/lib/python3.12/site-packages/oslo_config/cfg.py:2824}}
Nov 12 11:44:42.715555 np7f170a1b5c204 devstack@n-api-meta.service[80490]: DEBUG nova.api.openstack.wsgi_app [None req-cb89f462-bcca-46e7-97be-9abab76e9739 None None] oslo_messaging_rabbit.rabbit_transient_queues_ttl = 1800 {{(pid=80490) log_opt_values /opt/stack/data/venv/lib/python3.12/site-packages/oslo_config/cfg.py:2824}}
Nov 12 11:44:42.715690 np7f170a1b5c204 devstack@n-api-meta.service[80490]: DEBUG nova.api.openstack.wsgi_app [None req-cb89f462-bcca-46e7-97be-9abab76e9739 None None] oslo_messaging_rabbit.rabbit_transient_quorum_queue = False {{(pid=80490) log_opt_values /opt/stack/data/venv/lib/python3.12/site-packages/oslo_config/cfg.py:2824}}
Nov 12 11:44:42.715802 np7f170a1b5c204 devstack@n-api-meta.service[80490]: DEBUG nova.api.openstack.wsgi_app [None req-cb89f462-bcca-46e7-97be-9abab76e9739 None None] oslo_messaging_rabbit.rpc_conn_pool_size = 30 {{(pid=80490) log_opt_values /opt/stack/data/venv/lib/python3.12/site-packages/oslo_config/cfg.py:2824}}
Nov 12 11:44:42.715971 np7f170a1b5c204 devstack@n-api-meta.service[80490]: DEBUG nova.api.openstack.wsgi_app [None req-cb89f462-bcca-46e7-97be-9abab76e9739 None None] oslo_messaging_rabbit.ssl = False {{(pid=80490) log_opt_values /opt/stack/data/venv/lib/python3.12/site-packages/oslo_config/cfg.py:2824}}
Nov 12 11:44:42.716131 np7f170a1b5c204 devstack@n-api-meta.service[80490]: DEBUG nova.api.openstack.wsgi_app [None req-cb89f462-bcca-46e7-97be-9abab76e9739 None None] oslo_messaging_rabbit.ssl_ca_file = {{(pid=80490) log_opt_values /opt/stack/data/venv/lib/python3.12/site-packages/oslo_config/cfg.py:2824}}
Nov 12 11:44:42.716280 np7f170a1b5c204 devstack@n-api-meta.service[80490]: DEBUG nova.api.openstack.wsgi_app [None req-cb89f462-bcca-46e7-97be-9abab76e9739 None None] oslo_messaging_rabbit.ssl_cert_file = {{(pid=80490) log_opt_values /opt/stack/data/venv/lib/python3.12/site-packages/oslo_config/cfg.py:2824}}
Nov 12 11:44:42.716420 np7f170a1b5c204 devstack@n-api-meta.service[80490]: DEBUG nova.api.openstack.wsgi_app [None req-cb89f462-bcca-46e7-97be-9abab76e9739 None None] oslo_messaging_rabbit.ssl_enforce_fips_mode = False {{(pid=80490) log_opt_values /opt/stack/data/venv/lib/python3.12/site-packages/oslo_config/cfg.py:2824}}
Nov 12 11:44:42.716530 np7f170a1b5c204 devstack@n-api-meta.service[80490]: DEBUG nova.api.openstack.wsgi_app [None req-cb89f462-bcca-46e7-97be-9abab76e9739 None None] oslo_messaging_rabbit.ssl_key_file = {{(pid=80490) log_opt_values /opt/stack/data/venv/lib/python3.12/site-packages/oslo_config/cfg.py:2824}}
Nov 12 11:44:42.716696 np7f170a1b5c204 devstack@n-api-meta.service[80490]: DEBUG nova.api.openstack.wsgi_app [None req-cb89f462-bcca-46e7-97be-9abab76e9739 None None] oslo_messaging_rabbit.ssl_version = {{(pid=80490) log_opt_values /opt/stack/data/venv/lib/python3.12/site-packages/oslo_config/cfg.py:2824}}
Nov 12 11:44:42.716832 np7f170a1b5c204 devstack@n-api-meta.service[80490]: DEBUG nova.api.openstack.wsgi_app [None req-cb89f462-bcca-46e7-97be-9abab76e9739 None None] oslo_messaging_rabbit.use_queue_manager = False {{(pid=80490) log_opt_values /opt/stack/data/venv/lib/python3.12/site-packages/oslo_config/cfg.py:2824}}
Nov 12 11:44:42.716986 np7f170a1b5c204 devstack@n-api-meta.service[80490]: DEBUG nova.api.openstack.wsgi_app [None req-cb89f462-bcca-46e7-97be-9abab76e9739 None None] oslo_messaging_notifications.driver = ['messagingv2'] {{(pid=80490) log_opt_values /opt/stack/data/venv/lib/python3.12/site-packages/oslo_config/cfg.py:2824}}
Nov 12 11:44:42.717140 np7f170a1b5c204 devstack@n-api-meta.service[80490]: DEBUG nova.api.openstack.wsgi_app [None req-cb89f462-bcca-46e7-97be-9abab76e9739 None None] oslo_messaging_notifications.retry = -1 {{(pid=80490) log_opt_values /opt/stack/data/venv/lib/python3.12/site-packages/oslo_config/cfg.py:2824}}
Nov 12 11:44:42.717323 np7f170a1b5c204 devstack@n-api-meta.service[80490]: DEBUG nova.api.openstack.wsgi_app [None req-cb89f462-bcca-46e7-97be-9abab76e9739 None None] oslo_messaging_notifications.topics = ['notifications'] {{(pid=80490) log_opt_values /opt/stack/data/venv/lib/python3.12/site-packages/oslo_config/cfg.py:2824}}
Nov 12 11:44:42.717464 np7f170a1b5c204 devstack@n-api-meta.service[80490]: DEBUG nova.api.openstack.wsgi_app [None req-cb89f462-bcca-46e7-97be-9abab76e9739 None None] oslo_messaging_notifications.transport_url = **** {{(pid=80490) log_opt_values /opt/stack/data/venv/lib/python3.12/site-packages/oslo_config/cfg.py:2824}}
Nov 12 11:44:42.717637 np7f170a1b5c204 devstack@n-api-meta.service[80490]: DEBUG nova.api.openstack.wsgi_app [None req-cb89f462-bcca-46e7-97be-9abab76e9739 None None] oslo_reports.file_event_handler = None {{(pid=80490) log_opt_values /opt/stack/data/venv/lib/python3.12/site-packages/oslo_config/cfg.py:2824}}
Nov 12 11:44:42.717753 np7f170a1b5c204 devstack@n-api-meta.service[80490]: DEBUG nova.api.openstack.wsgi_app [None req-cb89f462-bcca-46e7-97be-9abab76e9739 None None] oslo_reports.file_event_handler_interval = 1 {{(pid=80490) log_opt_values /opt/stack/data/venv/lib/python3.12/site-packages/oslo_config/cfg.py:2824}}
Nov 12 11:44:42.717879 np7f170a1b5c204 devstack@n-api-meta.service[80490]: DEBUG nova.api.openstack.wsgi_app [None req-cb89f462-bcca-46e7-97be-9abab76e9739 None None] oslo_reports.log_dir = None {{(pid=80490) log_opt_values /opt/stack/data/venv/lib/python3.12/site-packages/oslo_config/cfg.py:2824}}
Nov 12 11:44:42.717980 np7f170a1b5c204 devstack@n-api-meta.service[80490]: DEBUG nova.api.openstack.wsgi_app [None req-cb89f462-bcca-46e7-97be-9abab76e9739 None None] ******************************************************************************** {{(pid=80490) log_opt_values /opt/stack/data/venv/lib/python3.12/site-packages/oslo_config/cfg.py:2828}}
Nov 12 11:44:42.718062 np7f170a1b5c204 devstack@n-api-meta.service[80490]: WSGI app 0 (mountpoint='') ready in 2 seconds on interpreter 0x7bcdd34a39e8 pid: 80490 (default app)
Nov 12 11:44:52.289414 np7f170a1b5c204 devstack@n-api-meta.service[80490]: DEBUG dbcounter [-] [80490] Writing DB stats nova_api:SELECT=1 {{(pid=80490) stat_writer /opt/stack/data/venv/lib/python3.12/site-packages/dbcounter.py:115}}
Nov 12 11:44:52.303034 np7f170a1b5c204 devstack@n-api-meta.service[80489]: DEBUG dbcounter [-] [80489] Writing DB stats nova_api:SELECT=1 {{(pid=80489) stat_writer /opt/stack/data/venv/lib/python3.12/site-packages/dbcounter.py:115}}
Nov 12 11:44:52.414518 np7f170a1b5c204 devstack@n-api-meta.service[80490]: DEBUG dbcounter [-] [80490] Writing DB stats nova_cell1:SELECT=1 {{(pid=80490) stat_writer /opt/stack/data/venv/lib/python3.12/site-packages/dbcounter.py:115}}
Nov 12 11:44:52.416890 np7f170a1b5c204 devstack@n-api-meta.service[80490]: DEBUG dbcounter [-] [80490] Writing DB stats nova_cell0:SELECT=1 {{(pid=80490) stat_writer /opt/stack/data/venv/lib/python3.12/site-packages/dbcounter.py:115}}
Nov 12 11:44:52.429854 np7f170a1b5c204 devstack@n-api-meta.service[80489]: DEBUG dbcounter [-] [80489] Writing DB stats nova_cell1:SELECT=1 {{(pid=80489) stat_writer /opt/stack/data/venv/lib/python3.12/site-packages/dbcounter.py:115}}
Nov 12 11:44:52.432547 np7f170a1b5c204 devstack@n-api-meta.service[80489]: DEBUG dbcounter [-] [80489] Writing DB stats nova_cell0:SELECT=1 {{(pid=80489) stat_writer /opt/stack/data/venv/lib/python3.12/site-packages/dbcounter.py:115}}
Nov 12 11:44:52.446321 np7f170a1b5c204 devstack@n-api-meta.service[80490]: DEBUG dbcounter [-] [80490] Writing DB stats nova_cell0:SELECT=2,nova_cell0:INSERT=1 {{(pid=80490) stat_writer /opt/stack/data/venv/lib/python3.12/site-packages/dbcounter.py:115}}
Nov 12 11:44:52.455615 np7f170a1b5c204 devstack@n-api-meta.service[80489]: DEBUG dbcounter [-] [80489] Writing DB stats nova_cell0:SELECT=1 {{(pid=80489) stat_writer /opt/stack/data/venv/lib/python3.12/site-packages/dbcounter.py:115}}
Nov 12 11:53:11.291159 np7f170a1b5c204 devstack@n-api-meta.service[80489]: DEBUG nova.api.metadata.handler [None req-8025eb26-0a30-4edd-bdf9-cf3ad71f6947 None None] Metadata request headers: {'Host': '10.0.19.83:8775', 'User-Agent': 'python-requests/2.32.5', 'Accept-Encoding': 'gzip, deflate', 'Accept': '*/*', 'Connection': 'keep-alive', 'X-Forwarded-For': '10.1.0.6', 'X-Instance-Id': 'fc13f361-ac6c-4faf-8c96-e1779b8ac10f', 'X-Tenant-Id': '52b6bc2890a7444ea3be416c4e7bccc2', 'X-Instance-Id-Signature': '8acb7b1d3851acf39f0bbbb531afcef2551e376f6667b695971ef3e7e04438ae'} {{(pid=80489) __call__ /opt/stack/nova/nova/api/metadata/handler.py:109}}
Nov 12 11:53:11.361230 np7f170a1b5c204 devstack@n-api-meta.service[80489]: DEBUG oslo_concurrency.lockutils [None req-0d466844-1c2b-47c0-8ec2-4f936b8716db None None] Acquiring lock "77f02626-f3b4-47c2-b46a-ecb26fdd10c6" by "nova.context.set_target_cell..get_or_set_cached_cell_and_set_connections" {{(pid=80489) inner /opt/stack/data/venv/lib/python3.12/site-packages/oslo_concurrency/lockutils.py:405}}
Nov 12 11:53:11.362152 np7f170a1b5c204 devstack@n-api-meta.service[80489]: DEBUG oslo_concurrency.lockutils [None req-0d466844-1c2b-47c0-8ec2-4f936b8716db None None] Lock "77f02626-f3b4-47c2-b46a-ecb26fdd10c6" acquired by "nova.context.set_target_cell..get_or_set_cached_cell_and_set_connections" :: waited 0.001s {{(pid=80489) inner /opt/stack/data/venv/lib/python3.12/site-packages/oslo_concurrency/lockutils.py:410}}
Nov 12 11:53:11.362319 np7f170a1b5c204 devstack@n-api-meta.service[80489]: DEBUG oslo_concurrency.lockutils [None req-0d466844-1c2b-47c0-8ec2-4f936b8716db None None] Lock "77f02626-f3b4-47c2-b46a-ecb26fdd10c6" "released" by "nova.context.set_target_cell..get_or_set_cached_cell_and_set_connections" :: held 0.000s {{(pid=80489) inner /opt/stack/data/venv/lib/python3.12/site-packages/oslo_concurrency/lockutils.py:424}}
Nov 12 11:53:11.453107 np7f170a1b5c204 devstack@n-api-meta.service[80489]: WARNING neutronclient.v2_0.client [None req-0d466844-1c2b-47c0-8ec2-4f936b8716db None None] The python binding code in neutronclient is deprecated in favor of OpenstackSDK, please use that as this will be removed in a future release.
Nov 12 11:53:11.829064 np7f170a1b5c204 devstack@n-api-meta.service[80489]: [pid: 80489|app: 0|req: 1/1] 10.0.19.83 () {40 vars in 678 bytes} [Wed Nov 12 11:53:11 2025] GET /2009-04-04/meta-data/instance-id => generated 10 bytes in 563 msecs (HTTP/1.1 200) 3 headers in 99 bytes (1 switches on core 0)
Nov 12 11:53:11.985291 np7f170a1b5c204 devstack@n-api-meta.service[80490]: DEBUG nova.api.metadata.handler [None req-cb89f462-bcca-46e7-97be-9abab76e9739 None None] Metadata request headers: {'Host': '10.0.19.83:8775', 'User-Agent': 'python-requests/2.32.5', 'Accept-Encoding': 'gzip, deflate', 'Accept': '*/*', 'Connection': 'keep-alive', 'X-Forwarded-For': '10.1.0.6', 'X-Instance-Id': 'fc13f361-ac6c-4faf-8c96-e1779b8ac10f', 'X-Tenant-Id': '52b6bc2890a7444ea3be416c4e7bccc2', 'X-Instance-Id-Signature': '8acb7b1d3851acf39f0bbbb531afcef2551e376f6667b695971ef3e7e04438ae'} {{(pid=80490) __call__ /opt/stack/nova/nova/api/metadata/handler.py:109}}
Nov 12 11:53:12.008170 np7f170a1b5c204 devstack@n-api-meta.service[80490]: DEBUG nova.api.metadata.handler [None req-cb89f462-bcca-46e7-97be-9abab76e9739 None None] Using cached metadata for instance fc13f361-ac6c-4faf-8c96-e1779b8ac10f {{(pid=80490) get_metadata_by_instance_id /opt/stack/nova/nova/api/metadata/handler.py:84}}
Nov 12 11:53:12.016852 np7f170a1b5c204 devstack@n-api-meta.service[80490]: [pid: 80490|app: 0|req: 1/2] 10.0.19.83 () {40 vars in 677 bytes} [Wed Nov 12 11:53:11 2025] GET /2009-04-04/meta-data/public-keys => generated 154 bytes in 47 msecs (HTTP/1.1 404) 3 headers in 106 bytes (1 switches on core 0)
Nov 12 11:53:12.165036 np7f170a1b5c204 devstack@n-api-meta.service[80489]: DEBUG nova.api.metadata.handler [None req-0d466844-1c2b-47c0-8ec2-4f936b8716db None None] Metadata request headers: {'Host': '10.0.19.83:8775', 'User-Agent': 'python-requests/2.32.5', 'Accept-Encoding': 'gzip, deflate', 'Accept': '*/*', 'Connection': 'keep-alive', 'X-Forwarded-For': '10.1.0.6', 'X-Instance-Id': 'fc13f361-ac6c-4faf-8c96-e1779b8ac10f', 'X-Tenant-Id': '52b6bc2890a7444ea3be416c4e7bccc2', 'X-Instance-Id-Signature': '8acb7b1d3851acf39f0bbbb531afcef2551e376f6667b695971ef3e7e04438ae'} {{(pid=80489) __call__ /opt/stack/nova/nova/api/metadata/handler.py:109}}
Nov 12 11:53:12.168337 np7f170a1b5c204 devstack@n-api-meta.service[80489]: DEBUG nova.api.metadata.handler [None req-0d466844-1c2b-47c0-8ec2-4f936b8716db None None] Using cached metadata for instance fc13f361-ac6c-4faf-8c96-e1779b8ac10f {{(pid=80489) get_metadata_by_instance_id /opt/stack/nova/nova/api/metadata/handler.py:84}}
Nov 12 11:53:12.169063 np7f170a1b5c204 devstack@n-api-meta.service[80489]: [pid: 80489|app: 0|req: 2/3] 10.0.19.83 () {40 vars in 677 bytes} [Wed Nov 12 11:53:12 2025] GET /2009-04-04/meta-data/instance-id => generated 10 bytes in 5 msecs (HTTP/1.1 200) 3 headers in 99 bytes (1 switches on core 0)
Nov 12 11:53:12.335489 np7f170a1b5c204 devstack@n-api-meta.service[80490]: DEBUG nova.api.metadata.handler [None req-cb89f462-bcca-46e7-97be-9abab76e9739 None None] Metadata request headers: {'Host': '10.0.19.83:8775', 'User-Agent': 'python-requests/2.32.5', 'Accept-Encoding': 'gzip, deflate', 'Accept': '*/*', 'Connection': 'keep-alive', 'X-Forwarded-For': '10.1.0.6', 'X-Instance-Id': 'fc13f361-ac6c-4faf-8c96-e1779b8ac10f', 'X-Tenant-Id': '52b6bc2890a7444ea3be416c4e7bccc2', 'X-Instance-Id-Signature': '8acb7b1d3851acf39f0bbbb531afcef2551e376f6667b695971ef3e7e04438ae'} {{(pid=80490) __call__ /opt/stack/nova/nova/api/metadata/handler.py:109}}
Nov 12 11:53:12.336939 np7f170a1b5c204 devstack@n-api-meta.service[80490]: DEBUG nova.api.metadata.handler [None req-cb89f462-bcca-46e7-97be-9abab76e9739 None None] Using cached metadata for instance fc13f361-ac6c-4faf-8c96-e1779b8ac10f {{(pid=80490) get_metadata_by_instance_id /opt/stack/nova/nova/api/metadata/handler.py:84}}
Nov 12 11:53:12.337402 np7f170a1b5c204 devstack@n-api-meta.service[80490]: [pid: 80490|app: 0|req: 2/4] 10.0.19.83 () {40 vars in 688 bytes} [Wed Nov 12 11:53:12 2025] GET /2009-04-04/meta-data/ami-launch-index => generated 1 bytes in 2 msecs (HTTP/1.1 200) 3 headers in 98 bytes (1 switches on core 0)
Nov 12 11:53:12.456447 np7f170a1b5c204 devstack@n-api-meta.service[80489]: DEBUG nova.api.metadata.handler [None req-0d466844-1c2b-47c0-8ec2-4f936b8716db None None] Metadata request headers: {'Host': '10.0.19.83:8775', 'User-Agent': 'python-requests/2.32.5', 'Accept-Encoding': 'gzip, deflate', 'Accept': '*/*', 'Connection': 'keep-alive', 'X-Forwarded-For': '10.1.0.6', 'X-Instance-Id': 'fc13f361-ac6c-4faf-8c96-e1779b8ac10f', 'X-Tenant-Id': '52b6bc2890a7444ea3be416c4e7bccc2', 'X-Instance-Id-Signature': '8acb7b1d3851acf39f0bbbb531afcef2551e376f6667b695971ef3e7e04438ae'} {{(pid=80489) __call__ /opt/stack/nova/nova/api/metadata/handler.py:109}}
Nov 12 11:53:12.457677 np7f170a1b5c204 devstack@n-api-meta.service[80489]: DEBUG nova.api.metadata.handler [None req-0d466844-1c2b-47c0-8ec2-4f936b8716db None None] Using cached metadata for instance fc13f361-ac6c-4faf-8c96-e1779b8ac10f {{(pid=80489) get_metadata_by_instance_id /opt/stack/nova/nova/api/metadata/handler.py:84}}
Nov 12 11:53:12.458002 np7f170a1b5c204 devstack@n-api-meta.service[80489]: [pid: 80489|app: 0|req: 3/5] 10.0.19.83 () {40 vars in 682 bytes} [Wed Nov 12 11:53:12 2025] GET /2009-04-04/meta-data/instance-type => generated 7 bytes in 2 msecs (HTTP/1.1 200) 3 headers in 98 bytes (1 switches on core 0)
Nov 12 11:53:12.570164 np7f170a1b5c204 devstack@n-api-meta.service[80490]: DEBUG nova.api.metadata.handler [None req-cb89f462-bcca-46e7-97be-9abab76e9739 None None] Metadata request headers: {'Host': '10.0.19.83:8775', 'User-Agent': 'python-requests/2.32.5', 'Accept-Encoding': 'gzip, deflate', 'Accept': '*/*', 'Connection': 'keep-alive', 'X-Forwarded-For': '10.1.0.6', 'X-Instance-Id': 'fc13f361-ac6c-4faf-8c96-e1779b8ac10f', 'X-Tenant-Id': '52b6bc2890a7444ea3be416c4e7bccc2', 'X-Instance-Id-Signature': '8acb7b1d3851acf39f0bbbb531afcef2551e376f6667b695971ef3e7e04438ae'} {{(pid=80490) __call__ /opt/stack/nova/nova/api/metadata/handler.py:109}}
Nov 12 11:53:12.571269 np7f170a1b5c204 devstack@n-api-meta.service[80490]: DEBUG nova.api.metadata.handler [None req-cb89f462-bcca-46e7-97be-9abab76e9739 None None] Using cached metadata for instance fc13f361-ac6c-4faf-8c96-e1779b8ac10f {{(pid=80490) get_metadata_by_instance_id /opt/stack/nova/nova/api/metadata/handler.py:84}}
Nov 12 11:53:12.571850 np7f170a1b5c204 devstack@n-api-meta.service[80490]: [pid: 80490|app: 0|req: 3/6] 10.0.19.83 () {40 vars in 676 bytes} [Wed Nov 12 11:53:12 2025] GET /2009-04-04/meta-data/local-ipv4 => generated 8 bytes in 2 msecs (HTTP/1.1 200) 3 headers in 98 bytes (1 switches on core 0)
Nov 12 11:53:12.708236 np7f170a1b5c204 devstack@n-api-meta.service[80489]: DEBUG nova.api.metadata.handler [None req-0d466844-1c2b-47c0-8ec2-4f936b8716db None None] Metadata request headers: {'Host': '10.0.19.83:8775', 'User-Agent': 'python-requests/2.32.5', 'Accept-Encoding': 'gzip, deflate', 'Accept': '*/*', 'Connection': 'keep-alive', 'X-Forwarded-For': '10.1.0.6', 'X-Instance-Id': 'fc13f361-ac6c-4faf-8c96-e1779b8ac10f', 'X-Tenant-Id': '52b6bc2890a7444ea3be416c4e7bccc2', 'X-Instance-Id-Signature': '8acb7b1d3851acf39f0bbbb531afcef2551e376f6667b695971ef3e7e04438ae'} {{(pid=80489) __call__ /opt/stack/nova/nova/api/metadata/handler.py:109}}
Nov 12 11:53:12.709093 np7f170a1b5c204 devstack@n-api-meta.service[80489]: DEBUG nova.api.metadata.handler [None req-0d466844-1c2b-47c0-8ec2-4f936b8716db None None] Using cached metadata for instance fc13f361-ac6c-4faf-8c96-e1779b8ac10f {{(pid=80489) get_metadata_by_instance_id /opt/stack/nova/nova/api/metadata/handler.py:84}}
Nov 12 11:53:12.710328 np7f170a1b5c204 devstack@n-api-meta.service[80489]: [pid: 80489|app: 0|req: 4/7] 10.0.19.83 () {40 vars in 678 bytes} [Wed Nov 12 11:53:12 2025] GET /2009-04-04/meta-data/public-ipv4 => generated 0 bytes in 1 msecs (HTTP/1.1 200) 3 headers in 98 bytes (1 switches on core 0)
Nov 12 11:53:13.049743 np7f170a1b5c204 devstack@n-api-meta.service[80490]: DEBUG nova.api.metadata.handler [None req-cb89f462-bcca-46e7-97be-9abab76e9739 None None] Metadata request headers: {'Host': '10.0.19.83:8775', 'User-Agent': 'python-requests/2.32.5', 'Accept-Encoding': 'gzip, deflate', 'Accept': '*/*', 'Connection': 'keep-alive', 'X-Forwarded-For': '10.1.0.6', 'X-Instance-Id': 'fc13f361-ac6c-4faf-8c96-e1779b8ac10f', 'X-Tenant-Id': '52b6bc2890a7444ea3be416c4e7bccc2', 'X-Instance-Id-Signature': '8acb7b1d3851acf39f0bbbb531afcef2551e376f6667b695971ef3e7e04438ae'} {{(pid=80490) __call__ /opt/stack/nova/nova/api/metadata/handler.py:109}}
Nov 12 11:53:13.051572 np7f170a1b5c204 devstack@n-api-meta.service[80490]: DEBUG nova.api.metadata.handler [None req-cb89f462-bcca-46e7-97be-9abab76e9739 None None] Using cached metadata for instance fc13f361-ac6c-4faf-8c96-e1779b8ac10f {{(pid=80490) get_metadata_by_instance_id /opt/stack/nova/nova/api/metadata/handler.py:84}}
Nov 12 11:53:13.052334 np7f170a1b5c204 devstack@n-api-meta.service[80490]: [pid: 80490|app: 0|req: 4/8] 10.0.19.83 () {40 vars in 672 bytes} [Wed Nov 12 11:53:13 2025] GET /2009-04-04/meta-data/hostname => generated 60 bytes in 3 msecs (HTTP/1.1 200) 3 headers in 99 bytes (1 switches on core 0)
Nov 12 11:53:13.294576 np7f170a1b5c204 devstack@n-api-meta.service[80489]: DEBUG nova.api.metadata.handler [None req-0d466844-1c2b-47c0-8ec2-4f936b8716db None None] Metadata request headers: {'Host': '10.0.19.83:8775', 'User-Agent': 'python-requests/2.32.5', 'Accept-Encoding': 'gzip, deflate', 'Accept': '*/*', 'Connection': 'keep-alive', 'X-Forwarded-For': '10.1.0.6', 'X-Instance-Id': 'fc13f361-ac6c-4faf-8c96-e1779b8ac10f', 'X-Tenant-Id': '52b6bc2890a7444ea3be416c4e7bccc2', 'X-Instance-Id-Signature': '8acb7b1d3851acf39f0bbbb531afcef2551e376f6667b695971ef3e7e04438ae'} {{(pid=80489) __call__ /opt/stack/nova/nova/api/metadata/handler.py:109}}
Nov 12 11:53:13.295496 np7f170a1b5c204 devstack@n-api-meta.service[80489]: DEBUG nova.api.metadata.handler [None req-0d466844-1c2b-47c0-8ec2-4f936b8716db None None] Using cached metadata for instance fc13f361-ac6c-4faf-8c96-e1779b8ac10f {{(pid=80489) get_metadata_by_instance_id /opt/stack/nova/nova/api/metadata/handler.py:84}}
Nov 12 11:53:13.295894 np7f170a1b5c204 devstack@n-api-meta.service[80489]: [pid: 80489|app: 0|req: 5/9] 10.0.19.83 () {40 vars in 684 bytes} [Wed Nov 12 11:53:13 2025] GET /2009-04-04/meta-data/local-hostname => generated 60 bytes in 1 msecs (HTTP/1.1 200) 3 headers in 99 bytes (1 switches on core 0)
Nov 12 11:53:13.427754 np7f170a1b5c204 devstack@n-api-meta.service[80490]: DEBUG nova.api.metadata.handler [None req-cb89f462-bcca-46e7-97be-9abab76e9739 None None] Metadata request headers: {'Host': '10.0.19.83:8775', 'User-Agent': 'python-requests/2.32.5', 'Accept-Encoding': 'gzip, deflate', 'Accept': '*/*', 'Connection': 'keep-alive', 'X-Forwarded-For': '10.1.0.6', 'X-Instance-Id': 'fc13f361-ac6c-4faf-8c96-e1779b8ac10f', 'X-Tenant-Id': '52b6bc2890a7444ea3be416c4e7bccc2', 'X-Instance-Id-Signature': '8acb7b1d3851acf39f0bbbb531afcef2551e376f6667b695971ef3e7e04438ae'} {{(pid=80490) __call__ /opt/stack/nova/nova/api/metadata/handler.py:109}}
Nov 12 11:53:13.431812 np7f170a1b5c204 devstack@n-api-meta.service[80490]: DEBUG nova.api.metadata.handler [None req-cb89f462-bcca-46e7-97be-9abab76e9739 None None] Using cached metadata for instance fc13f361-ac6c-4faf-8c96-e1779b8ac10f {{(pid=80490) get_metadata_by_instance_id /opt/stack/nova/nova/api/metadata/handler.py:84}}
Nov 12 11:53:13.432413 np7f170a1b5c204 devstack@n-api-meta.service[80490]: [pid: 80490|app: 0|req: 5/10] 10.0.19.83 () {40 vars in 654 bytes} [Wed Nov 12 11:53:13 2025] GET /2009-04-04/user-data => generated 154 bytes in 5 msecs (HTTP/1.1 404) 3 headers in 106 bytes (1 switches on core 0)
Nov 12 11:53:13.544142 np7f170a1b5c204 devstack@n-api-meta.service[80489]: DEBUG nova.api.metadata.handler [None req-0d466844-1c2b-47c0-8ec2-4f936b8716db None None] Metadata request headers: {'Host': '10.0.19.83:8775', 'User-Agent': 'python-requests/2.32.5', 'Accept-Encoding': 'gzip, deflate', 'Accept': '*/*', 'Connection': 'keep-alive', 'X-Forwarded-For': '10.1.0.6', 'X-Instance-Id': 'fc13f361-ac6c-4faf-8c96-e1779b8ac10f', 'X-Tenant-Id': '52b6bc2890a7444ea3be416c4e7bccc2', 'X-Instance-Id-Signature': '8acb7b1d3851acf39f0bbbb531afcef2551e376f6667b695971ef3e7e04438ae'} {{(pid=80489) __call__ /opt/stack/nova/nova/api/metadata/handler.py:109}}
Nov 12 11:53:13.545071 np7f170a1b5c204 devstack@n-api-meta.service[80489]: DEBUG nova.api.metadata.handler [None req-0d466844-1c2b-47c0-8ec2-4f936b8716db None None] Using cached metadata for instance fc13f361-ac6c-4faf-8c96-e1779b8ac10f {{(pid=80489) get_metadata_by_instance_id /opt/stack/nova/nova/api/metadata/handler.py:84}}
Nov 12 11:53:13.545467 np7f170a1b5c204 devstack@n-api-meta.service[80489]: [pid: 80489|app: 0|req: 6/11] 10.0.19.83 () {40 vars in 696 bytes} [Wed Nov 12 11:53:13 2025] GET /2009-04-04/meta-data/block-device-mapping => generated 8 bytes in 1 msecs (HTTP/1.1 200) 3 headers in 98 bytes (1 switches on core 0)
Nov 12 11:53:13.635959 np7f170a1b5c204 devstack@n-api-meta.service[80490]: DEBUG nova.api.metadata.handler [None req-cb89f462-bcca-46e7-97be-9abab76e9739 None None] Metadata request headers: {'Host': '10.0.19.83:8775', 'User-Agent': 'python-requests/2.32.5', 'Accept-Encoding': 'gzip, deflate', 'Accept': '*/*', 'Connection': 'keep-alive', 'X-Forwarded-For': '10.1.0.6', 'X-Instance-Id': 'fc13f361-ac6c-4faf-8c96-e1779b8ac10f', 'X-Tenant-Id': '52b6bc2890a7444ea3be416c4e7bccc2', 'X-Instance-Id-Signature': '8acb7b1d3851acf39f0bbbb531afcef2551e376f6667b695971ef3e7e04438ae'} {{(pid=80490) __call__ /opt/stack/nova/nova/api/metadata/handler.py:109}}
Nov 12 11:53:13.637136 np7f170a1b5c204 devstack@n-api-meta.service[80490]: DEBUG nova.api.metadata.handler [None req-cb89f462-bcca-46e7-97be-9abab76e9739 None None] Using cached metadata for instance fc13f361-ac6c-4faf-8c96-e1779b8ac10f {{(pid=80490) get_metadata_by_instance_id /opt/stack/nova/nova/api/metadata/handler.py:84}}
Nov 12 11:53:13.637530 np7f170a1b5c204 devstack@n-api-meta.service[80490]: [pid: 80490|app: 0|req: 6/12] 10.0.19.83 () {40 vars in 704 bytes} [Wed Nov 12 11:53:13 2025] GET /2009-04-04/meta-data/block-device-mapping/ami => generated 3 bytes in 2 msecs (HTTP/1.1 200) 3 headers in 98 bytes (1 switches on core 0)
Nov 12 11:53:13.725752 np7f170a1b5c204 devstack@n-api-meta.service[80489]: DEBUG nova.api.metadata.handler [None req-0d466844-1c2b-47c0-8ec2-4f936b8716db None None] Metadata request headers: {'Host': '10.0.19.83:8775', 'User-Agent': 'python-requests/2.32.5', 'Accept-Encoding': 'gzip, deflate', 'Accept': '*/*', 'Connection': 'keep-alive', 'X-Forwarded-For': '10.1.0.6', 'X-Instance-Id': 'fc13f361-ac6c-4faf-8c96-e1779b8ac10f', 'X-Tenant-Id': '52b6bc2890a7444ea3be416c4e7bccc2', 'X-Instance-Id-Signature': '8acb7b1d3851acf39f0bbbb531afcef2551e376f6667b695971ef3e7e04438ae'} {{(pid=80489) __call__ /opt/stack/nova/nova/api/metadata/handler.py:109}}
Nov 12 11:53:13.726893 np7f170a1b5c204 devstack@n-api-meta.service[80489]: DEBUG nova.api.metadata.handler [None req-0d466844-1c2b-47c0-8ec2-4f936b8716db None None] Using cached metadata for instance fc13f361-ac6c-4faf-8c96-e1779b8ac10f {{(pid=80489) get_metadata_by_instance_id /opt/stack/nova/nova/api/metadata/handler.py:84}}
Nov 12 11:53:13.727335 np7f170a1b5c204 devstack@n-api-meta.service[80489]: [pid: 80489|app: 0|req: 7/13] 10.0.19.83 () {40 vars in 706 bytes} [Wed Nov 12 11:53:13 2025] GET /2009-04-04/meta-data/block-device-mapping/root => generated 8 bytes in 2 msecs (HTTP/1.1 200) 3 headers in 98 bytes (1 switches on core 0)
Nov 12 11:53:13.853734 np7f170a1b5c204 devstack@n-api-meta.service[80490]: DEBUG nova.api.metadata.handler [None req-cb89f462-bcca-46e7-97be-9abab76e9739 None None] Metadata request headers: {'Host': '10.0.19.83:8775', 'User-Agent': 'python-requests/2.32.5', 'Accept-Encoding': 'gzip, deflate', 'Accept': '*/*', 'Connection': 'keep-alive', 'X-Forwarded-For': '10.1.0.6', 'X-Instance-Id': 'fc13f361-ac6c-4faf-8c96-e1779b8ac10f', 'X-Tenant-Id': '52b6bc2890a7444ea3be416c4e7bccc2', 'X-Instance-Id-Signature': '8acb7b1d3851acf39f0bbbb531afcef2551e376f6667b695971ef3e7e04438ae'} {{(pid=80490) __call__ /opt/stack/nova/nova/api/metadata/handler.py:109}}
Nov 12 11:53:13.854732 np7f170a1b5c204 devstack@n-api-meta.service[80490]: DEBUG nova.api.metadata.handler [None req-cb89f462-bcca-46e7-97be-9abab76e9739 None None] Using cached metadata for instance fc13f361-ac6c-4faf-8c96-e1779b8ac10f {{(pid=80490) get_metadata_by_instance_id /opt/stack/nova/nova/api/metadata/handler.py:84}}
Nov 12 11:53:13.855160 np7f170a1b5c204 devstack@n-api-meta.service[80490]: [pid: 80490|app: 0|req: 7/14] 10.0.19.83 () {40 vars in 686 bytes} [Wed Nov 12 11:53:13 2025] GET /2009-04-04/meta-data/public-hostname => generated 60 bytes in 1 msecs (HTTP/1.1 200) 3 headers in 99 bytes (1 switches on core 0)
Nov 12 11:53:13.974334 np7f170a1b5c204 devstack@n-api-meta.service[80489]: DEBUG nova.api.metadata.handler [None req-0d466844-1c2b-47c0-8ec2-4f936b8716db None None] Metadata request headers: {'Host': '10.0.19.83:8775', 'User-Agent': 'python-requests/2.32.5', 'Accept-Encoding': 'gzip, deflate', 'Accept': '*/*', 'Connection': 'keep-alive', 'X-Forwarded-For': '10.1.0.6', 'X-Instance-Id': 'fc13f361-ac6c-4faf-8c96-e1779b8ac10f', 'X-Tenant-Id': '52b6bc2890a7444ea3be416c4e7bccc2', 'X-Instance-Id-Signature': '8acb7b1d3851acf39f0bbbb531afcef2551e376f6667b695971ef3e7e04438ae'} {{(pid=80489) __call__ /opt/stack/nova/nova/api/metadata/handler.py:109}}
Nov 12 11:53:13.975246 np7f170a1b5c204 devstack@n-api-meta.service[80489]: DEBUG nova.api.metadata.handler [None req-0d466844-1c2b-47c0-8ec2-4f936b8716db None None] Using cached metadata for instance fc13f361-ac6c-4faf-8c96-e1779b8ac10f {{(pid=80489) get_metadata_by_instance_id /opt/stack/nova/nova/api/metadata/handler.py:84}}
Nov 12 11:53:13.975567 np7f170a1b5c204 devstack@n-api-meta.service[80489]: [pid: 80489|app: 0|req: 8/15] 10.0.19.83 () {40 vars in 710 bytes} [Wed Nov 12 11:53:13 2025] GET /2009-04-04/meta-data/placement/availability-zone => generated 4 bytes in 1 msecs (HTTP/1.1 200) 3 headers in 98 bytes (1 switches on core 0)
Nov 12 11:53:21.350285 np7f170a1b5c204 devstack@n-api-meta.service[80489]: DEBUG dbcounter [-] [80489] Writing DB stats nova_api:SELECT=1 {{(pid=80489) stat_writer /opt/stack/data/venv/lib/python3.12/site-packages/dbcounter.py:115}}
Nov 12 11:53:21.430297 np7f170a1b5c204 devstack@n-api-meta.service[80489]: DEBUG dbcounter [-] [80489] Writing DB stats nova_cell1:SELECT=4 {{(pid=80489) stat_writer /opt/stack/data/venv/lib/python3.12/site-packages/dbcounter.py:115}}
Nov 12 11:53:23.998275 np7f170a1b5c204 devstack@n-api-meta.service[80490]: DEBUG nova.api.metadata.handler [None req-cb89f462-bcca-46e7-97be-9abab76e9739 None None] Metadata request headers: {'Host': '10.0.19.83:8775', 'User-Agent': 'python-requests/2.32.5', 'Accept-Encoding': 'gzip, deflate', 'Accept': '*/*', 'Connection': 'keep-alive', 'X-Forwarded-For': '10.1.0.4', 'X-Instance-Id': 'fa1895cb-0b30-4212-9d6e-d69d31b34dcd', 'X-Tenant-Id': '52b6bc2890a7444ea3be416c4e7bccc2', 'X-Instance-Id-Signature': 'cb768af4d5537699d4d5b1fdda9a96b516044f6221ae7939c4a8680fd81789a6'} {{(pid=80490) __call__ /opt/stack/nova/nova/api/metadata/handler.py:109}}
Nov 12 11:53:24.092333 np7f170a1b5c204 devstack@n-api-meta.service[80490]: DEBUG oslo_concurrency.lockutils [None req-e49f5698-24a5-4bfd-959f-b76ff4633153 None None] Acquiring lock "77f02626-f3b4-47c2-b46a-ecb26fdd10c6" by "nova.context.set_target_cell..get_or_set_cached_cell_and_set_connections" {{(pid=80490) inner /opt/stack/data/venv/lib/python3.12/site-packages/oslo_concurrency/lockutils.py:405}}
Nov 12 11:53:24.093742 np7f170a1b5c204 devstack@n-api-meta.service[80490]: DEBUG oslo_concurrency.lockutils [None req-e49f5698-24a5-4bfd-959f-b76ff4633153 None None] Lock "77f02626-f3b4-47c2-b46a-ecb26fdd10c6" acquired by "nova.context.set_target_cell..get_or_set_cached_cell_and_set_connections" :: waited 0.002s {{(pid=80490) inner /opt/stack/data/venv/lib/python3.12/site-packages/oslo_concurrency/lockutils.py:410}}
Nov 12 11:53:24.093957 np7f170a1b5c204 devstack@n-api-meta.service[80490]: DEBUG oslo_concurrency.lockutils [None req-e49f5698-24a5-4bfd-959f-b76ff4633153 None None] Lock "77f02626-f3b4-47c2-b46a-ecb26fdd10c6" "released" by "nova.context.set_target_cell..get_or_set_cached_cell_and_set_connections" :: held 0.000s {{(pid=80490) inner /opt/stack/data/venv/lib/python3.12/site-packages/oslo_concurrency/lockutils.py:424}}
Nov 12 11:53:24.219684 np7f170a1b5c204 devstack@n-api-meta.service[80490]: WARNING neutronclient.v2_0.client [None req-e49f5698-24a5-4bfd-959f-b76ff4633153 None None] The python binding code in neutronclient is deprecated in favor of OpenstackSDK, please use that as this will be removed in a future release.
Nov 12 11:53:24.578161 np7f170a1b5c204 devstack@n-api-meta.service[80490]: [pid: 80490|app: 0|req: 8/16] 10.0.16.45 () {40 vars in 678 bytes} [Wed Nov 12 11:53:23 2025] GET /2009-04-04/meta-data/instance-id => generated 10 bytes in 580 msecs (HTTP/1.1 200) 3 headers in 99 bytes (1 switches on core 0)
Nov 12 11:53:24.721950 np7f170a1b5c204 devstack@n-api-meta.service[80489]: DEBUG nova.api.metadata.handler [None req-0d466844-1c2b-47c0-8ec2-4f936b8716db None None] Metadata request headers: {'Host': '10.0.19.83:8775', 'User-Agent': 'python-requests/2.32.5', 'Accept-Encoding': 'gzip, deflate', 'Accept': '*/*', 'Connection': 'keep-alive', 'X-Forwarded-For': '10.1.0.4', 'X-Instance-Id': 'fa1895cb-0b30-4212-9d6e-d69d31b34dcd', 'X-Tenant-Id': '52b6bc2890a7444ea3be416c4e7bccc2', 'X-Instance-Id-Signature': 'cb768af4d5537699d4d5b1fdda9a96b516044f6221ae7939c4a8680fd81789a6'} {{(pid=80489) __call__ /opt/stack/nova/nova/api/metadata/handler.py:109}}
Nov 12 11:53:24.725312 np7f170a1b5c204 devstack@n-api-meta.service[80489]: DEBUG nova.api.metadata.handler [None req-0d466844-1c2b-47c0-8ec2-4f936b8716db None None] Using cached metadata for instance fa1895cb-0b30-4212-9d6e-d69d31b34dcd {{(pid=80489) get_metadata_by_instance_id /opt/stack/nova/nova/api/metadata/handler.py:84}}
Nov 12 11:53:24.726903 np7f170a1b5c204 devstack@n-api-meta.service[80489]: [pid: 80489|app: 0|req: 9/17] 10.0.16.45 () {40 vars in 678 bytes} [Wed Nov 12 11:53:24 2025] GET /2009-04-04/meta-data/public-keys => generated 154 bytes in 5 msecs (HTTP/1.1 404) 3 headers in 106 bytes (1 switches on core 0)
Nov 12 11:53:24.839631 np7f170a1b5c204 devstack@n-api-meta.service[80490]: DEBUG nova.api.metadata.handler [None req-e49f5698-24a5-4bfd-959f-b76ff4633153 None None] Metadata request headers: {'Host': '10.0.19.83:8775', 'User-Agent': 'python-requests/2.32.5', 'Accept-Encoding': 'gzip, deflate', 'Accept': '*/*', 'Connection': 'keep-alive', 'X-Forwarded-For': '10.1.0.4', 'X-Instance-Id': 'fa1895cb-0b30-4212-9d6e-d69d31b34dcd', 'X-Tenant-Id': '52b6bc2890a7444ea3be416c4e7bccc2', 'X-Instance-Id-Signature': 'cb768af4d5537699d4d5b1fdda9a96b516044f6221ae7939c4a8680fd81789a6'} {{(pid=80490) __call__ /opt/stack/nova/nova/api/metadata/handler.py:109}}
Nov 12 11:53:24.840912 np7f170a1b5c204 devstack@n-api-meta.service[80490]: DEBUG nova.api.metadata.handler [None req-e49f5698-24a5-4bfd-959f-b76ff4633153 None None] Using cached metadata for instance fa1895cb-0b30-4212-9d6e-d69d31b34dcd {{(pid=80490) get_metadata_by_instance_id /opt/stack/nova/nova/api/metadata/handler.py:84}}
Nov 12 11:53:24.841197 np7f170a1b5c204 devstack@n-api-meta.service[80490]: [pid: 80490|app: 0|req: 9/18] 10.0.16.45 () {40 vars in 678 bytes} [Wed Nov 12 11:53:24 2025] GET /2009-04-04/meta-data/instance-id => generated 10 bytes in 2 msecs (HTTP/1.1 200) 3 headers in 99 bytes (1 switches on core 0)
Nov 12 11:53:24.956248 np7f170a1b5c204 devstack@n-api-meta.service[80489]: DEBUG nova.api.metadata.handler [None req-0d466844-1c2b-47c0-8ec2-4f936b8716db None None] Metadata request headers: {'Host': '10.0.19.83:8775', 'User-Agent': 'python-requests/2.32.5', 'Accept-Encoding': 'gzip, deflate', 'Accept': '*/*', 'Connection': 'keep-alive', 'X-Forwarded-For': '10.1.0.4', 'X-Instance-Id': 'fa1895cb-0b30-4212-9d6e-d69d31b34dcd', 'X-Tenant-Id': '52b6bc2890a7444ea3be416c4e7bccc2', 'X-Instance-Id-Signature': 'cb768af4d5537699d4d5b1fdda9a96b516044f6221ae7939c4a8680fd81789a6'} {{(pid=80489) __call__ /opt/stack/nova/nova/api/metadata/handler.py:109}}
Nov 12 11:53:24.958661 np7f170a1b5c204 devstack@n-api-meta.service[80489]: DEBUG nova.api.metadata.handler [None req-0d466844-1c2b-47c0-8ec2-4f936b8716db None None] Using cached metadata for instance fa1895cb-0b30-4212-9d6e-d69d31b34dcd {{(pid=80489) get_metadata_by_instance_id /opt/stack/nova/nova/api/metadata/handler.py:84}}
Nov 12 11:53:24.959023 np7f170a1b5c204 devstack@n-api-meta.service[80489]: [pid: 80489|app: 0|req: 10/19] 10.0.16.45 () {40 vars in 688 bytes} [Wed Nov 12 11:53:24 2025] GET /2009-04-04/meta-data/ami-launch-index => generated 1 bytes in 3 msecs (HTTP/1.1 200) 3 headers in 98 bytes (1 switches on core 0)
Nov 12 11:53:25.086847 np7f170a1b5c204 devstack@n-api-meta.service[80490]: DEBUG nova.api.metadata.handler [None req-e49f5698-24a5-4bfd-959f-b76ff4633153 None None] Metadata request headers: {'Host': '10.0.19.83:8775', 'User-Agent': 'python-requests/2.32.5', 'Accept-Encoding': 'gzip, deflate', 'Accept': '*/*', 'Connection': 'keep-alive', 'X-Forwarded-For': '10.1.0.4', 'X-Instance-Id': 'fa1895cb-0b30-4212-9d6e-d69d31b34dcd', 'X-Tenant-Id': '52b6bc2890a7444ea3be416c4e7bccc2', 'X-Instance-Id-Signature': 'cb768af4d5537699d4d5b1fdda9a96b516044f6221ae7939c4a8680fd81789a6'} {{(pid=80490) __call__ /opt/stack/nova/nova/api/metadata/handler.py:109}}
Nov 12 11:53:25.088525 np7f170a1b5c204 devstack@n-api-meta.service[80490]: DEBUG nova.api.metadata.handler [None req-e49f5698-24a5-4bfd-959f-b76ff4633153 None None] Using cached metadata for instance fa1895cb-0b30-4212-9d6e-d69d31b34dcd {{(pid=80490) get_metadata_by_instance_id /opt/stack/nova/nova/api/metadata/handler.py:84}}
Nov 12 11:53:25.088945 np7f170a1b5c204 devstack@n-api-meta.service[80490]: [pid: 80490|app: 0|req: 10/20] 10.0.16.45 () {40 vars in 682 bytes} [Wed Nov 12 11:53:25 2025] GET /2009-04-04/meta-data/instance-type => generated 7 bytes in 2 msecs (HTTP/1.1 200) 3 headers in 98 bytes (1 switches on core 0)
Nov 12 11:53:25.216348 np7f170a1b5c204 devstack@n-api-meta.service[80489]: DEBUG nova.api.metadata.handler [None req-0d466844-1c2b-47c0-8ec2-4f936b8716db None None] Metadata request headers: {'Host': '10.0.19.83:8775', 'User-Agent': 'python-requests/2.32.5', 'Accept-Encoding': 'gzip, deflate', 'Accept': '*/*', 'Connection': 'keep-alive', 'X-Forwarded-For': '10.1.0.4', 'X-Instance-Id': 'fa1895cb-0b30-4212-9d6e-d69d31b34dcd', 'X-Tenant-Id': '52b6bc2890a7444ea3be416c4e7bccc2', 'X-Instance-Id-Signature': 'cb768af4d5537699d4d5b1fdda9a96b516044f6221ae7939c4a8680fd81789a6'} {{(pid=80489) __call__ /opt/stack/nova/nova/api/metadata/handler.py:109}}
Nov 12 11:53:25.217459 np7f170a1b5c204 devstack@n-api-meta.service[80489]: DEBUG nova.api.metadata.handler [None req-0d466844-1c2b-47c0-8ec2-4f936b8716db None None] Using cached metadata for instance fa1895cb-0b30-4212-9d6e-d69d31b34dcd {{(pid=80489) get_metadata_by_instance_id /opt/stack/nova/nova/api/metadata/handler.py:84}}
Nov 12 11:53:25.217923 np7f170a1b5c204 devstack@n-api-meta.service[80489]: [pid: 80489|app: 0|req: 11/21] 10.0.16.45 () {40 vars in 676 bytes} [Wed Nov 12 11:53:25 2025] GET /2009-04-04/meta-data/local-ipv4 => generated 8 bytes in 2 msecs (HTTP/1.1 200) 3 headers in 98 bytes (1 switches on core 0)
Nov 12 11:53:25.349630 np7f170a1b5c204 devstack@n-api-meta.service[80490]: DEBUG nova.api.metadata.handler [None req-e49f5698-24a5-4bfd-959f-b76ff4633153 None None] Metadata request headers: {'Host': '10.0.19.83:8775', 'User-Agent': 'python-requests/2.32.5', 'Accept-Encoding': 'gzip, deflate', 'Accept': '*/*', 'Connection': 'keep-alive', 'X-Forwarded-For': '10.1.0.4', 'X-Instance-Id': 'fa1895cb-0b30-4212-9d6e-d69d31b34dcd', 'X-Tenant-Id': '52b6bc2890a7444ea3be416c4e7bccc2', 'X-Instance-Id-Signature': 'cb768af4d5537699d4d5b1fdda9a96b516044f6221ae7939c4a8680fd81789a6'} {{(pid=80490) __call__ /opt/stack/nova/nova/api/metadata/handler.py:109}}
Nov 12 11:53:25.350570 np7f170a1b5c204 devstack@n-api-meta.service[80490]: DEBUG nova.api.metadata.handler [None req-e49f5698-24a5-4bfd-959f-b76ff4633153 None None] Using cached metadata for instance fa1895cb-0b30-4212-9d6e-d69d31b34dcd {{(pid=80490) get_metadata_by_instance_id /opt/stack/nova/nova/api/metadata/handler.py:84}}
Nov 12 11:53:25.350927 np7f170a1b5c204 devstack@n-api-meta.service[80490]: [pid: 80490|app: 0|req: 11/22] 10.0.16.45 () {40 vars in 678 bytes} [Wed Nov 12 11:53:25 2025] GET /2009-04-04/meta-data/public-ipv4 => generated 0 bytes in 1 msecs (HTTP/1.1 200) 3 headers in 98 bytes (1 switches on core 0)
Nov 12 11:53:25.595971 np7f170a1b5c204 devstack@n-api-meta.service[80489]: DEBUG nova.api.metadata.handler [None req-0d466844-1c2b-47c0-8ec2-4f936b8716db None None] Metadata request headers: {'Host': '10.0.19.83:8775', 'User-Agent': 'python-requests/2.32.5', 'Accept-Encoding': 'gzip, deflate', 'Accept': '*/*', 'Connection': 'keep-alive', 'X-Forwarded-For': '10.1.0.4', 'X-Instance-Id': 'fa1895cb-0b30-4212-9d6e-d69d31b34dcd', 'X-Tenant-Id': '52b6bc2890a7444ea3be416c4e7bccc2', 'X-Instance-Id-Signature': 'cb768af4d5537699d4d5b1fdda9a96b516044f6221ae7939c4a8680fd81789a6'} {{(pid=80489) __call__ /opt/stack/nova/nova/api/metadata/handler.py:109}}
Nov 12 11:53:25.595971 np7f170a1b5c204 devstack@n-api-meta.service[80489]: DEBUG nova.api.metadata.handler [None req-0d466844-1c2b-47c0-8ec2-4f936b8716db None None] Using cached metadata for instance fa1895cb-0b30-4212-9d6e-d69d31b34dcd {{(pid=80489) get_metadata_by_instance_id /opt/stack/nova/nova/api/metadata/handler.py:84}}
Nov 12 11:53:25.595971 np7f170a1b5c204 devstack@n-api-meta.service[80489]: [pid: 80489|app: 0|req: 12/23] 10.0.16.45 () {40 vars in 672 bytes} [Wed Nov 12 11:53:25 2025] GET /2009-04-04/meta-data/hostname => generated 60 bytes in 1 msecs (HTTP/1.1 200) 3 headers in 99 bytes (1 switches on core 0)
Nov 12 11:53:25.798665 np7f170a1b5c204 devstack@n-api-meta.service[80490]: DEBUG nova.api.metadata.handler [None req-e49f5698-24a5-4bfd-959f-b76ff4633153 None None] Metadata request headers: {'Host': '10.0.19.83:8775', 'User-Agent': 'python-requests/2.32.5', 'Accept-Encoding': 'gzip, deflate', 'Accept': '*/*', 'Connection': 'keep-alive', 'X-Forwarded-For': '10.1.0.4', 'X-Instance-Id': 'fa1895cb-0b30-4212-9d6e-d69d31b34dcd', 'X-Tenant-Id': '52b6bc2890a7444ea3be416c4e7bccc2', 'X-Instance-Id-Signature': 'cb768af4d5537699d4d5b1fdda9a96b516044f6221ae7939c4a8680fd81789a6'} {{(pid=80490) __call__ /opt/stack/nova/nova/api/metadata/handler.py:109}}
Nov 12 11:53:25.799571 np7f170a1b5c204 devstack@n-api-meta.service[80490]: DEBUG nova.api.metadata.handler [None req-e49f5698-24a5-4bfd-959f-b76ff4633153 None None] Using cached metadata for instance fa1895cb-0b30-4212-9d6e-d69d31b34dcd {{(pid=80490) get_metadata_by_instance_id /opt/stack/nova/nova/api/metadata/handler.py:84}}
Nov 12 11:53:25.799894 np7f170a1b5c204 devstack@n-api-meta.service[80490]: [pid: 80490|app: 0|req: 12/24] 10.0.16.45 () {40 vars in 684 bytes} [Wed Nov 12 11:53:25 2025] GET /2009-04-04/meta-data/local-hostname => generated 60 bytes in 1 msecs (HTTP/1.1 200) 3 headers in 99 bytes (1 switches on core 0)
Nov 12 11:53:25.921294 np7f170a1b5c204 devstack@n-api-meta.service[80489]: DEBUG nova.api.metadata.handler [None req-0d466844-1c2b-47c0-8ec2-4f936b8716db None None] Metadata request headers: {'Host': '10.0.19.83:8775', 'User-Agent': 'python-requests/2.32.5', 'Accept-Encoding': 'gzip, deflate', 'Accept': '*/*', 'Connection': 'keep-alive', 'X-Forwarded-For': '10.1.0.4', 'X-Instance-Id': 'fa1895cb-0b30-4212-9d6e-d69d31b34dcd', 'X-Tenant-Id': '52b6bc2890a7444ea3be416c4e7bccc2', 'X-Instance-Id-Signature': 'cb768af4d5537699d4d5b1fdda9a96b516044f6221ae7939c4a8680fd81789a6'} {{(pid=80489) __call__ /opt/stack/nova/nova/api/metadata/handler.py:109}}
Nov 12 11:53:25.922371 np7f170a1b5c204 devstack@n-api-meta.service[80489]: DEBUG nova.api.metadata.handler [None req-0d466844-1c2b-47c0-8ec2-4f936b8716db None None] Using cached metadata for instance fa1895cb-0b30-4212-9d6e-d69d31b34dcd {{(pid=80489) get_metadata_by_instance_id /opt/stack/nova/nova/api/metadata/handler.py:84}}
Nov 12 11:53:25.922907 np7f170a1b5c204 devstack@n-api-meta.service[80489]: [pid: 80489|app: 0|req: 13/25] 10.0.16.45 () {40 vars in 654 bytes} [Wed Nov 12 11:53:25 2025] GET /2009-04-04/user-data => generated 154 bytes in 2 msecs (HTTP/1.1 404) 3 headers in 106 bytes (1 switches on core 0)
Nov 12 11:53:26.042613 np7f170a1b5c204 devstack@n-api-meta.service[80490]: DEBUG nova.api.metadata.handler [None req-e49f5698-24a5-4bfd-959f-b76ff4633153 None None] Metadata request headers: {'Host': '10.0.19.83:8775', 'User-Agent': 'python-requests/2.32.5', 'Accept-Encoding': 'gzip, deflate', 'Accept': '*/*', 'Connection': 'keep-alive', 'X-Forwarded-For': '10.1.0.4', 'X-Instance-Id': 'fa1895cb-0b30-4212-9d6e-d69d31b34dcd', 'X-Tenant-Id': '52b6bc2890a7444ea3be416c4e7bccc2', 'X-Instance-Id-Signature': 'cb768af4d5537699d4d5b1fdda9a96b516044f6221ae7939c4a8680fd81789a6'} {{(pid=80490) __call__ /opt/stack/nova/nova/api/metadata/handler.py:109}}
Nov 12 11:53:26.043670 np7f170a1b5c204 devstack@n-api-meta.service[80490]: DEBUG nova.api.metadata.handler [None req-e49f5698-24a5-4bfd-959f-b76ff4633153 None None] Using cached metadata for instance fa1895cb-0b30-4212-9d6e-d69d31b34dcd {{(pid=80490) get_metadata_by_instance_id /opt/stack/nova/nova/api/metadata/handler.py:84}}
Nov 12 11:53:26.044022 np7f170a1b5c204 devstack@n-api-meta.service[80490]: [pid: 80490|app: 0|req: 13/26] 10.0.16.45 () {40 vars in 696 bytes} [Wed Nov 12 11:53:26 2025] GET /2009-04-04/meta-data/block-device-mapping => generated 8 bytes in 2 msecs (HTTP/1.1 200) 3 headers in 98 bytes (1 switches on core 0)
