Nov 12 11:44:22.564451 np7f170a1b5c204 neutron-periodic-workers[77459]: DEBUG cotyledon.oslo_config_glue [-] network_log.burst_limit = 25 {{(pid=77459) log_opt_values /opt/stack/data/venv/lib/python3.12/site-packages/oslo_config/cfg.py:2824}}
Nov 12 11:44:22.564451 np7f170a1b5c204 neutron-periodic-workers[77459]: DEBUG cotyledon.oslo_config_glue [-] network_log.local_output_log_base = None {{(pid=77459) log_opt_values /opt/stack/data/venv/lib/python3.12/site-packages/oslo_config/cfg.py:2824}}
Nov 12 11:44:22.564582 np7f170a1b5c204 neutron-periodic-workers[77459]: DEBUG cotyledon.oslo_config_glue [-] network_log.rate_limit = 100 {{(pid=77459) log_opt_values /opt/stack/data/venv/lib/python3.12/site-packages/oslo_config/cfg.py:2824}}
Nov 12 11:44:22.564582 np7f170a1b5c204 neutron-periodic-workers[77459]: DEBUG cotyledon.oslo_config_glue [-] database.asyncio_connection = **** {{(pid=77459) log_opt_values /opt/stack/data/venv/lib/python3.12/site-packages/oslo_config/cfg.py:2824}}
Nov 12 11:44:22.564582 np7f170a1b5c204 neutron-periodic-workers[77459]: DEBUG cotyledon.oslo_config_glue [-] database.asyncio_slave_connection = **** {{(pid=77459) log_opt_values /opt/stack/data/venv/lib/python3.12/site-packages/oslo_config/cfg.py:2824}}
Nov 12 11:44:22.564582 np7f170a1b5c204 neutron-periodic-workers[77459]: DEBUG cotyledon.oslo_config_glue [-] database.backend = sqlalchemy {{(pid=77459) log_opt_values /opt/stack/data/venv/lib/python3.12/site-packages/oslo_config/cfg.py:2824}}
Nov 12 11:44:22.564582 np7f170a1b5c204 neutron-periodic-workers[77459]: DEBUG cotyledon.oslo_config_glue [-] database.connection = **** {{(pid=77459) log_opt_values /opt/stack/data/venv/lib/python3.12/site-packages/oslo_config/cfg.py:2824}}
Nov 12 11:44:22.564582 np7f170a1b5c204 neutron-periodic-workers[77459]: DEBUG cotyledon.oslo_config_glue [-] database.connection_debug = 0 {{(pid=77459) log_opt_values /opt/stack/data/venv/lib/python3.12/site-packages/oslo_config/cfg.py:2824}}
Nov 12 11:44:22.564582 np7f170a1b5c204 neutron-periodic-workers[77459]: DEBUG cotyledon.oslo_config_glue [-] database.connection_parameters = {{(pid=77459) log_opt_values /opt/stack/data/venv/lib/python3.12/site-packages/oslo_config/cfg.py:2824}}
Nov 12 11:44:22.564582 np7f170a1b5c204 neutron-periodic-workers[77459]: DEBUG cotyledon.oslo_config_glue [-] database.connection_recycle_time = 3600 {{(pid=77459) log_opt_values /opt/stack/data/venv/lib/python3.12/site-packages/oslo_config/cfg.py:2824}}
Nov 12 11:44:22.564582 np7f170a1b5c204 neutron-periodic-workers[77459]: DEBUG cotyledon.oslo_config_glue [-] database.connection_trace = False {{(pid=77459) log_opt_values /opt/stack/data/venv/lib/python3.12/site-packages/oslo_config/cfg.py:2824}}
Nov 12 11:44:22.564726 np7f170a1b5c204 neutron-periodic-workers[77459]: DEBUG cotyledon.oslo_config_glue [-] database.db_inc_retry_interval = True {{(pid=77459) log_opt_values /opt/stack/data/venv/lib/python3.12/site-packages/oslo_config/cfg.py:2824}}
Nov 12 11:44:22.564726 np7f170a1b5c204 neutron-periodic-workers[77459]: DEBUG cotyledon.oslo_config_glue [-] database.db_max_retries = 20 {{(pid=77459) log_opt_values /opt/stack/data/venv/lib/python3.12/site-packages/oslo_config/cfg.py:2824}}
Nov 12 11:44:22.564726 np7f170a1b5c204 neutron-periodic-workers[77459]: DEBUG cotyledon.oslo_config_glue [-] database.db_max_retry_interval = 10 {{(pid=77459) log_opt_values /opt/stack/data/venv/lib/python3.12/site-packages/oslo_config/cfg.py:2824}}
Nov 12 11:44:22.564726 np7f170a1b5c204 neutron-periodic-workers[77459]: DEBUG cotyledon.oslo_config_glue [-] database.db_retry_interval = 1 {{(pid=77459) log_opt_values /opt/stack/data/venv/lib/python3.12/site-packages/oslo_config/cfg.py:2824}}
Nov 12 11:44:22.564726 np7f170a1b5c204 neutron-periodic-workers[77459]: DEBUG cotyledon.oslo_config_glue [-] database.max_overflow = 50 {{(pid=77459) log_opt_values /opt/stack/data/venv/lib/python3.12/site-packages/oslo_config/cfg.py:2824}}
Nov 12 11:44:22.564726 np7f170a1b5c204 neutron-periodic-workers[77459]: DEBUG cotyledon.oslo_config_glue [-] database.max_pool_size = 5 {{(pid=77459) log_opt_values /opt/stack/data/venv/lib/python3.12/site-packages/oslo_config/cfg.py:2824}}
Nov 12 11:44:22.564726 np7f170a1b5c204 neutron-periodic-workers[77459]: DEBUG cotyledon.oslo_config_glue [-] database.max_retries = 10 {{(pid=77459) log_opt_values /opt/stack/data/venv/lib/python3.12/site-packages/oslo_config/cfg.py:2824}}
Nov 12 11:44:22.565012 np7f170a1b5c204 neutron-periodic-workers[77459]: DEBUG cotyledon.oslo_config_glue [-] database.mysql_sql_mode = TRADITIONAL {{(pid=77459) log_opt_values /opt/stack/data/venv/lib/python3.12/site-packages/oslo_config/cfg.py:2824}}
Nov 12 11:44:22.565083 np7f170a1b5c204 neutron-periodic-workers[77459]: DEBUG cotyledon.oslo_config_glue [-] database.mysql_wsrep_sync_wait = None {{(pid=77459) log_opt_values /opt/stack/data/venv/lib/python3.12/site-packages/oslo_config/cfg.py:2824}}
Nov 12 11:44:22.565851 np7f170a1b5c204 neutron-periodic-workers[77459]: DEBUG cotyledon.oslo_config_glue [-] database.pool_timeout = None {{(pid=77459) log_opt_values /opt/stack/data/venv/lib/python3.12/site-packages/oslo_config/cfg.py:2824}}
Nov 12 11:44:22.565851 np7f170a1b5c204 neutron-periodic-workers[77459]: DEBUG cotyledon.oslo_config_glue [-] database.retry_interval = 10 {{(pid=77459) log_opt_values /opt/stack/data/venv/lib/python3.12/site-packages/oslo_config/cfg.py:2824}}
Nov 12 11:44:22.565851 np7f170a1b5c204 neutron-periodic-workers[77459]: DEBUG cotyledon.oslo_config_glue [-] database.slave_connection = **** {{(pid=77459) log_opt_values /opt/stack/data/venv/lib/python3.12/site-packages/oslo_config/cfg.py:2824}}
Nov 12 11:44:22.565851 np7f170a1b5c204 neutron-periodic-workers[77459]: DEBUG cotyledon.oslo_config_glue [-] database.sqlite_synchronous = True {{(pid=77459) log_opt_values /opt/stack/data/venv/lib/python3.12/site-packages/oslo_config/cfg.py:2824}}
Nov 12 11:44:22.565851 np7f170a1b5c204 neutron-periodic-workers[77459]: DEBUG cotyledon.oslo_config_glue [-] database.use_db_reconnect = False {{(pid=77459) log_opt_values /opt/stack/data/venv/lib/python3.12/site-packages/oslo_config/cfg.py:2824}}
Nov 12 11:44:22.565851 np7f170a1b5c204 neutron-periodic-workers[77459]: DEBUG cotyledon.oslo_config_glue [-] ovn.broadcast_arps_to_all_routers = True {{(pid=77459) log_opt_values /opt/stack/data/venv/lib/python3.12/site-packages/oslo_config/cfg.py:2824}}
Nov 12 11:44:22.565851 np7f170a1b5c204 neutron-periodic-workers[77459]: DEBUG cotyledon.oslo_config_glue [-] ovn.dhcp_default_lease_time = 43200 {{(pid=77459) log_opt_values /opt/stack/data/venv/lib/python3.12/site-packages/oslo_config/cfg.py:2824}}
Nov 12 11:44:22.565851 np7f170a1b5c204 neutron-periodic-workers[77459]: DEBUG cotyledon.oslo_config_glue [-] ovn.disable_ovn_dhcp_for_baremetal_ports = False {{(pid=77459) log_opt_values /opt/stack/data/venv/lib/python3.12/site-packages/oslo_config/cfg.py:2824}}
Nov 12 11:44:22.565851 np7f170a1b5c204 neutron-periodic-workers[77459]: DEBUG cotyledon.oslo_config_glue [-] ovn.dns_records_ovn_owned = False {{(pid=77459) log_opt_values /opt/stack/data/venv/lib/python3.12/site-packages/oslo_config/cfg.py:2824}}
Nov 12 11:44:22.565985 np7f170a1b5c204 neutron-periodic-workers[77459]: DEBUG cotyledon.oslo_config_glue [-] ovn.dns_servers = [] {{(pid=77459) log_opt_values /opt/stack/data/venv/lib/python3.12/site-packages/oslo_config/cfg.py:2824}}
Nov 12 11:44:22.565985 np7f170a1b5c204 neutron-periodic-workers[77459]: DEBUG cotyledon.oslo_config_glue [-] ovn.enable_distributed_floating_ip = False {{(pid=77459) log_opt_values /opt/stack/data/venv/lib/python3.12/site-packages/oslo_config/cfg.py:2824}}
Nov 12 11:44:22.565985 np7f170a1b5c204 neutron-periodic-workers[77459]: DEBUG cotyledon.oslo_config_glue [-] ovn.fdb_age_threshold = 0 {{(pid=77459) log_opt_values /opt/stack/data/venv/lib/python3.12/site-packages/oslo_config/cfg.py:2824}}
Nov 12 11:44:22.567023 np7f170a1b5c204 neutron-periodic-workers[77459]: DEBUG cotyledon.oslo_config_glue [-] ovn.live_migration_activation_strategy = rarp {{(pid=77459) log_opt_values /opt/stack/data/venv/lib/python3.12/site-packages/oslo_config/cfg.py:2824}}
Nov 12 11:44:22.567095 np7f170a1b5c204 neutron-periodic-workers[77459]: DEBUG cotyledon.oslo_config_glue [-] ovn.localnet_learn_fdb = False {{(pid=77459) log_opt_values /opt/stack/data/venv/lib/python3.12/site-packages/oslo_config/cfg.py:2824}}
Nov 12 11:44:22.567203 np7f170a1b5c204 neutron-periodic-workers[77459]: DEBUG cotyledon.oslo_config_glue [-] ovn.mac_binding_age_threshold = 0 {{(pid=77459) log_opt_values /opt/stack/data/venv/lib/python3.12/site-packages/oslo_config/cfg.py:2824}}
Nov 12 11:44:22.567259 np7f170a1b5c204 neutron-periodic-workers[77459]: DEBUG cotyledon.oslo_config_glue [-] ovn.neutron_sync_mode = log {{(pid=77459) log_opt_values /opt/stack/data/venv/lib/python3.12/site-packages/oslo_config/cfg.py:2824}}
Nov 12 11:44:22.567334 np7f170a1b5c204 neutron-periodic-workers[77459]: DEBUG cotyledon.oslo_config_glue [-] ovn.ovn_dhcp4_global_options = {} {{(pid=77459) log_opt_values /opt/stack/data/venv/lib/python3.12/site-packages/oslo_config/cfg.py:2824}}
Nov 12 11:44:22.567392 np7f170a1b5c204 neutron-periodic-workers[77459]: DEBUG cotyledon.oslo_config_glue [-] ovn.ovn_dhcp6_global_options = {} {{(pid=77459) log_opt_values /opt/stack/data/venv/lib/python3.12/site-packages/oslo_config/cfg.py:2824}}
Nov 12 11:44:22.567450 np7f170a1b5c204 neutron-periodic-workers[77459]: DEBUG cotyledon.oslo_config_glue [-] ovn.ovn_emit_need_to_frag = True {{(pid=77459) log_opt_values /opt/stack/data/venv/lib/python3.12/site-packages/oslo_config/cfg.py:2824}}
Nov 12 11:44:22.567505 np7f170a1b5c204 neutron-periodic-workers[77459]: DEBUG cotyledon.oslo_config_glue [-] ovn.ovn_l3_scheduler = leastloaded {{(pid=77459) log_opt_values /opt/stack/data/venv/lib/python3.12/site-packages/oslo_config/cfg.py:2824}}
Nov 12 11:44:22.567550 np7f170a1b5c204 neutron-periodic-workers[77459]: DEBUG cotyledon.oslo_config_glue [-] ovn.ovn_metadata_enabled = True {{(pid=77459) log_opt_values /opt/stack/data/venv/lib/python3.12/site-packages/oslo_config/cfg.py:2824}}
Nov 12 11:44:22.567603 np7f170a1b5c204 neutron-periodic-workers[77459]: DEBUG cotyledon.oslo_config_glue [-] ovn.ovn_nb_ca_cert = /opt/stack/data/CA/int-ca/ca-chain.pem {{(pid=77459) log_opt_values /opt/stack/data/venv/lib/python3.12/site-packages/oslo_config/cfg.py:2824}}
Nov 12 11:44:22.567656 np7f170a1b5c204 neutron-periodic-workers[77459]: DEBUG cotyledon.oslo_config_glue [-] ovn.ovn_nb_certificate = /opt/stack/data/CA/int-ca/devstack-cert.crt {{(pid=77459) log_opt_values /opt/stack/data/venv/lib/python3.12/site-packages/oslo_config/cfg.py:2824}}
Nov 12 11:44:22.567715 np7f170a1b5c204 neutron-periodic-workers[77459]: DEBUG cotyledon.oslo_config_glue [-] ovn.ovn_nb_connection = ['ssl:10.0.19.83:6641'] {{(pid=77459) log_opt_values /opt/stack/data/venv/lib/python3.12/site-packages/oslo_config/cfg.py:2824}}
Nov 12 11:44:22.567740 np7f170a1b5c204 neutron-periodic-workers[77459]: DEBUG cotyledon.oslo_config_glue [-] ovn.ovn_nb_private_key = /opt/stack/data/CA/int-ca/private/devstack-cert.key {{(pid=77459) log_opt_values /opt/stack/data/venv/lib/python3.12/site-packages/oslo_config/cfg.py:2824}}
Nov 12 11:44:22.568219 np7f170a1b5c204 neutron-periodic-workers[77459]: DEBUG cotyledon.oslo_config_glue [-] ovn.ovn_router_indirect_snat = False {{(pid=77459) log_opt_values /opt/stack/data/venv/lib/python3.12/site-packages/oslo_config/cfg.py:2824}}
Nov 12 11:44:22.568219 np7f170a1b5c204 neutron-periodic-workers[77459]: DEBUG cotyledon.oslo_config_glue [-] ovn.ovn_sb_ca_cert = /opt/stack/data/CA/int-ca/ca-chain.pem {{(pid=77459) log_opt_values /opt/stack/data/venv/lib/python3.12/site-packages/oslo_config/cfg.py:2824}}
Nov 12 11:44:22.568869 np7f170a1b5c204 neutron-periodic-workers[77459]: DEBUG cotyledon.oslo_config_glue [-] ovn.ovn_sb_certificate = /opt/stack/data/CA/int-ca/devstack-cert.crt {{(pid=77459) log_opt_values /opt/stack/data/venv/lib/python3.12/site-packages/oslo_config/cfg.py:2824}}
Nov 12 11:44:22.568954 np7f170a1b5c204 neutron-periodic-workers[77459]: DEBUG cotyledon.oslo_config_glue [-] ovn.ovn_sb_connection = ['ssl:10.0.19.83:6642'] {{(pid=77459) log_opt_values /opt/stack/data/venv/lib/python3.12/site-packages/oslo_config/cfg.py:2824}}
Nov 12 11:44:22.569022 np7f170a1b5c204 neutron-periodic-workers[77459]: DEBUG cotyledon.oslo_config_glue [-] ovn.ovn_sb_private_key = /opt/stack/data/CA/int-ca/private/devstack-cert.key {{(pid=77459) log_opt_values /opt/stack/data/venv/lib/python3.12/site-packages/oslo_config/cfg.py:2824}}
Nov 12 11:44:22.569085 np7f170a1b5c204 neutron-periodic-workers[77459]: DEBUG cotyledon.oslo_config_glue [-] ovn.ovsdb_connection_timeout = 180 {{(pid=77459) log_opt_values /opt/stack/data/venv/lib/python3.12/site-packages/oslo_config/cfg.py:2824}}
Nov 12 11:44:22.569160 np7f170a1b5c204 neutron-periodic-workers[77459]: DEBUG cotyledon.oslo_config_glue [-] ovn.ovsdb_log_level = INFO {{(pid=77459) log_opt_values /opt/stack/data/venv/lib/python3.12/site-packages/oslo_config/cfg.py:2824}}
Nov 12 11:44:22.569217 np7f170a1b5c204 neutron-periodic-workers[77459]: DEBUG cotyledon.oslo_config_glue [-] ovn.ovsdb_probe_interval = 60000 {{(pid=77459) log_opt_values /opt/stack/data/venv/lib/python3.12/site-packages/oslo_config/cfg.py:2824}}
Nov 12 11:44:22.569296 np7f170a1b5c204 neutron-periodic-workers[77459]: DEBUG cotyledon.oslo_config_glue [-] ovn.ovsdb_retry_max_interval = 180 {{(pid=77459) log_opt_values /opt/stack/data/venv/lib/python3.12/site-packages/oslo_config/cfg.py:2824}}
Nov 12 11:44:22.569391 np7f170a1b5c204 neutron-periodic-workers[77459]: DEBUG cotyledon.oslo_config_glue [-] ovn.stateless_nat_enabled = False {{(pid=77459) log_opt_values /opt/stack/data/venv/lib/python3.12/site-packages/oslo_config/cfg.py:2824}}
Nov 12 11:44:22.569391 np7f170a1b5c204 neutron-periodic-workers[77459]: DEBUG cotyledon.oslo_config_glue [-] ovn.vhost_sock_dir = /var/run/openvswitch {{(pid=77459) log_opt_values /opt/stack/data/venv/lib/python3.12/site-packages/oslo_config/cfg.py:2824}}
Nov 12 11:44:22.569506 np7f170a1b5c204 neutron-periodic-workers[77459]: DEBUG cotyledon.oslo_config_glue [-] OVS.bridge_mac_table_size = 50000 {{(pid=77459) log_opt_values /opt/stack/data/venv/lib/python3.12/site-packages/oslo_config/cfg.py:2824}}
Nov 12 11:44:22.569559 np7f170a1b5c204 neutron-periodic-workers[77459]: DEBUG cotyledon.oslo_config_glue [-] OVS.igmp_flood = False {{(pid=77459) log_opt_values /opt/stack/data/venv/lib/python3.12/site-packages/oslo_config/cfg.py:2824}}
Nov 12 11:44:22.569585 np7f170a1b5c204 neutron-periodic-workers[77459]: DEBUG cotyledon.oslo_config_glue [-] OVS.igmp_flood_reports = True {{(pid=77459) log_opt_values /opt/stack/data/venv/lib/python3.12/site-packages/oslo_config/cfg.py:2824}}
Nov 12 11:44:22.569657 np7f170a1b5c204 neutron-periodic-workers[77459]: DEBUG cotyledon.oslo_config_glue [-] OVS.igmp_flood_unregistered = False {{(pid=77459) log_opt_values /opt/stack/data/venv/lib/python3.12/site-packages/oslo_config/cfg.py:2824}}
Nov 12 11:44:22.569711 np7f170a1b5c204 neutron-periodic-workers[77459]: DEBUG cotyledon.oslo_config_glue [-] OVS.igmp_snooping_enable = False {{(pid=77459) log_opt_values /opt/stack/data/venv/lib/python3.12/site-packages/oslo_config/cfg.py:2824}}
Nov 12 11:44:22.569741 np7f170a1b5c204 neutron-periodic-workers[77459]: DEBUG cotyledon.oslo_config_glue [-] OVS.ovsdb_timeout = 10 {{(pid=77459) log_opt_values /opt/stack/data/venv/lib/python3.12/site-packages/oslo_config/cfg.py:2824}}
Nov 12 11:44:22.569869 np7f170a1b5c204 neutron-periodic-workers[77459]: DEBUG cotyledon.oslo_config_glue [-] ovn_nb_global.fdb_removal_limit = 0 {{(pid=77459) log_opt_values /opt/stack/data/venv/lib/python3.12/site-packages/oslo_config/cfg.py:2824}}
Nov 12 11:44:22.569944 np7f170a1b5c204 neutron-periodic-workers[77459]: DEBUG cotyledon.oslo_config_glue [-] ovn_nb_global.ignore_lsp_down = False {{(pid=77459) log_opt_values /opt/stack/data/venv/lib/python3.12/site-packages/oslo_config/cfg.py:2824}}
Nov 12 11:44:22.569990 np7f170a1b5c204 neutron-periodic-workers[77459]: DEBUG cotyledon.oslo_config_glue [-] ovn_nb_global.mac_binding_removal_limit = 0 {{(pid=77459) log_opt_values /opt/stack/data/venv/lib/python3.12/site-packages/oslo_config/cfg.py:2824}}
Nov 12 11:44:22.570756 np7f170a1b5c204 neutron-periodic-workers[77459]: DEBUG cotyledon.oslo_config_glue [-] ******************************************************************************** {{(pid=77459) log_opt_values /opt/stack/data/venv/lib/python3.12/site-packages/oslo_config/cfg.py:2828}}
Nov 12 11:44:22.570756 np7f170a1b5c204 neutron-periodic-workers[77459]: DEBUG cotyledon._service [-] Run service ServiceWrapper(0) [77459] {{(pid=77459) wait_forever /opt/stack/data/venv/lib/python3.12/site-packages/cotyledon/_service.py:264}}
Nov 12 11:44:32.096689 np7f170a1b5c204 neutron-periodic-workers[76573]: DEBUG dbcounter [-] [76573] Writing DB stats neutron:SELECT=4 {{(pid=76573) stat_writer /opt/stack/data/venv/lib/python3.12/site-packages/dbcounter.py:115}}
Nov 12 11:45:14.532821 np7f170a1b5c204 neutron-periodic-workers[77430]: DEBUG oslo_db.sqlalchemy.engines [None req-6f1f86f2-8f33-41b2-8f41-9405a01efc02 None None] Parent process 76573 forked (77430) with an open database connection, which is being discarded and recreated. {{(pid=77430) checkout /opt/stack/data/venv/lib/python3.12/site-packages/oslo_db/sqlalchemy/engines.py:474}}
Nov 12 11:45:14.539644 np7f170a1b5c204 neutron-periodic-workers[77430]: DEBUG dbcounter [-] [77430] Writer thread running {{(pid=77430) stat_writer /opt/stack/data/venv/lib/python3.12/site-packages/dbcounter.py:102}}
Nov 12 11:45:14.545306 np7f170a1b5c204 neutron-periodic-workers[77430]: DEBUG neutron.db.agents_db [None req-6f1f86f2-8f33-41b2-8f41-9405a01efc02 None None] Agent healthcheck: found 0 active agents {{(pid=77430) agent_health_check /opt/stack/neutron/neutron/db/agents_db.py:317}}
Nov 12 11:45:14.545527 np7f170a1b5c204 neutron-periodic-workers[77430]: DEBUG oslo.service.backend._threading.loopingcall [None req-6f1f86f2-8f33-41b2-8f41-9405a01efc02 None None] Fixed interval looping call 'neutron.plugins.ml2.plugin.AgentDbMixin.agent_health_check' sleeping for 36.98 seconds {{(pid=77430) _run_loop /opt/stack/data/venv/lib/python3.12/site-packages/oslo_service/backend/_threading/loopingcall.py:165}}
Nov 12 11:45:19.518371 np7f170a1b5c204 neutron-periodic-workers[77411]: DEBUG dbcounter [-] [77411] Writer thread running {{(pid=77411) stat_writer /opt/stack/data/venv/lib/python3.12/site-packages/dbcounter.py:102}}
Nov 12 11:45:19.533103 np7f170a1b5c204 neutron-periodic-workers[77411]: DEBUG oslo.service.backend._threading.loopingcall [None req-5dce6344-b75a-438b-874e-4e2a64056499 None None] Fixed interval looping call 'neutron.plugins.ml2.plugin.DhcpAgentSchedulerDbMixin.remove_networks_from_down_agents' sleeping for 36.97 seconds {{(pid=77411) _run_loop /opt/stack/data/venv/lib/python3.12/site-packages/oslo_service/backend/_threading/loopingcall.py:165}}
Nov 12 11:45:24.541737 np7f170a1b5c204 neutron-periodic-workers[77430]: DEBUG dbcounter [-] [77430] Writing DB stats neutron:SELECT=1 {{(pid=77430) stat_writer /opt/stack/data/venv/lib/python3.12/site-packages/dbcounter.py:115}}
Nov 12 11:45:29.528373 np7f170a1b5c204 neutron-periodic-workers[77411]: DEBUG dbcounter [-] [77411] Writing DB stats neutron:SELECT=3 {{(pid=77411) stat_writer /opt/stack/data/venv/lib/python3.12/site-packages/dbcounter.py:115}}
Nov 12 11:45:51.529081 np7f170a1b5c204 neutron-periodic-workers[77430]: DEBUG neutron.db.agents_db [None req-6f1f86f2-8f33-41b2-8f41-9405a01efc02 None None] Agent healthcheck: found 0 active agents {{(pid=77430) agent_health_check /opt/stack/neutron/neutron/db/agents_db.py:317}}
Nov 12 11:45:51.529405 np7f170a1b5c204 neutron-periodic-workers[77430]: DEBUG oslo.service.backend._threading.loopingcall [None req-6f1f86f2-8f33-41b2-8f41-9405a01efc02 None None] Fixed interval looping call 'neutron.plugins.ml2.plugin.AgentDbMixin.agent_health_check' sleeping for 37.00 seconds {{(pid=77430) _run_loop /opt/stack/data/venv/lib/python3.12/site-packages/oslo_service/backend/_threading/loopingcall.py:165}}
Nov 12 11:45:56.509442 np7f170a1b5c204 neutron-periodic-workers[77411]: DEBUG oslo.service.backend._threading.loopingcall [None req-5dce6344-b75a-438b-874e-4e2a64056499 None None] Fixed interval looping call 'neutron.plugins.ml2.plugin.DhcpAgentSchedulerDbMixin.remove_networks_from_down_agents' sleeping for 36.99 seconds {{(pid=77411) _run_loop /opt/stack/data/venv/lib/python3.12/site-packages/oslo_service/backend/_threading/loopingcall.py:165}}
Nov 12 11:46:01.527822 np7f170a1b5c204 neutron-periodic-workers[77430]: DEBUG dbcounter [-] [77430] Writing DB stats neutron:SELECT=1 {{(pid=77430) stat_writer /opt/stack/data/venv/lib/python3.12/site-packages/dbcounter.py:115}}
Nov 12 11:46:06.508122 np7f170a1b5c204 neutron-periodic-workers[77411]: DEBUG dbcounter [-] [77411] Writing DB stats neutron:SELECT=3 {{(pid=77411) stat_writer /opt/stack/data/venv/lib/python3.12/site-packages/dbcounter.py:115}}
Nov 12 11:46:22.569828 np7f170a1b5c204 neutron-periodic-workers[77440]: DEBUG dbcounter [-] [77440] Writer thread running {{(pid=77440) stat_writer /opt/stack/data/venv/lib/python3.12/site-packages/dbcounter.py:102}}
Nov 12 11:46:22.570177 np7f170a1b5c204 neutron-periodic-workers[77440]: DEBUG oslo.service.backend._threading.loopingcall [None req-19cadd29-e00d-42e0-9ea1-ef8b6c5f9f3f None None] Fixed interval looping call 'neutron.db.quota.driver_nolock.DbQuotaNoLockDriver._remove_expired_reservations' sleeping for 119.99 seconds {{(pid=77440) _run_loop /opt/stack/data/venv/lib/python3.12/site-packages/oslo_service/backend/_threading/loopingcall.py:165}}
Nov 12 11:46:28.534722 np7f170a1b5c204 neutron-periodic-workers[77430]: DEBUG neutron.db.agents_db [None req-6f1f86f2-8f33-41b2-8f41-9405a01efc02 None None] Agent healthcheck: found 0 active agents {{(pid=77430) agent_health_check /opt/stack/neutron/neutron/db/agents_db.py:317}}
Nov 12 11:46:28.535148 np7f170a1b5c204 neutron-periodic-workers[77430]: DEBUG oslo.service.backend._threading.loopingcall [None req-6f1f86f2-8f33-41b2-8f41-9405a01efc02 None None] Fixed interval looping call 'neutron.plugins.ml2.plugin.AgentDbMixin.agent_health_check' sleeping for 36.99 seconds {{(pid=77430) _run_loop /opt/stack/data/venv/lib/python3.12/site-packages/oslo_service/backend/_threading/loopingcall.py:165}}
Nov 12 11:46:32.569082 np7f170a1b5c204 neutron-periodic-workers[77440]: DEBUG dbcounter [-] [77440] Writing DB stats neutron:DELETE=1 {{(pid=77440) stat_writer /opt/stack/data/venv/lib/python3.12/site-packages/dbcounter.py:115}}
Nov 12 11:46:33.504702 np7f170a1b5c204 neutron-periodic-workers[77411]: DEBUG oslo.service.backend._threading.loopingcall [None req-5dce6344-b75a-438b-874e-4e2a64056499 None None] Fixed interval looping call 'neutron.plugins.ml2.plugin.DhcpAgentSchedulerDbMixin.remove_networks_from_down_agents' sleeping for 36.99 seconds {{(pid=77411) _run_loop /opt/stack/data/venv/lib/python3.12/site-packages/oslo_service/backend/_threading/loopingcall.py:165}}
Nov 12 11:46:38.533751 np7f170a1b5c204 neutron-periodic-workers[77430]: DEBUG dbcounter [-] [77430] Writing DB stats neutron:SELECT=1 {{(pid=77430) stat_writer /opt/stack/data/venv/lib/python3.12/site-packages/dbcounter.py:115}}
Nov 12 11:46:43.503990 np7f170a1b5c204 neutron-periodic-workers[77411]: DEBUG dbcounter [-] [77411] Writing DB stats neutron:SELECT=3 {{(pid=77411) stat_writer /opt/stack/data/venv/lib/python3.12/site-packages/dbcounter.py:115}}
Nov 12 11:47:05.528033 np7f170a1b5c204 neutron-periodic-workers[77430]: DEBUG neutron.db.agents_db [None req-6f1f86f2-8f33-41b2-8f41-9405a01efc02 None None] Agent healthcheck: found 0 active agents {{(pid=77430) agent_health_check /opt/stack/neutron/neutron/db/agents_db.py:317}}
Nov 12 11:47:05.528325 np7f170a1b5c204 neutron-periodic-workers[77430]: DEBUG oslo.service.backend._threading.loopingcall [None req-6f1f86f2-8f33-41b2-8f41-9405a01efc02 None None] Fixed interval looping call 'neutron.plugins.ml2.plugin.AgentDbMixin.agent_health_check' sleeping for 37.00 seconds {{(pid=77430) _run_loop /opt/stack/data/venv/lib/python3.12/site-packages/oslo_service/backend/_threading/loopingcall.py:165}}
Nov 12 11:47:10.500127 np7f170a1b5c204 neutron-periodic-workers[77411]: DEBUG oslo.service.backend._threading.loopingcall [None req-5dce6344-b75a-438b-874e-4e2a64056499 None None] Fixed interval looping call 'neutron.plugins.ml2.plugin.DhcpAgentSchedulerDbMixin.remove_networks_from_down_agents' sleeping for 37.00 seconds {{(pid=77411) _run_loop /opt/stack/data/venv/lib/python3.12/site-packages/oslo_service/backend/_threading/loopingcall.py:165}}
Nov 12 11:47:15.526932 np7f170a1b5c204 neutron-periodic-workers[77430]: DEBUG dbcounter [-] [77430] Writing DB stats neutron:SELECT=1 {{(pid=77430) stat_writer /opt/stack/data/venv/lib/python3.12/site-packages/dbcounter.py:115}}
Nov 12 11:47:20.499381 np7f170a1b5c204 neutron-periodic-workers[77411]: DEBUG dbcounter [-] [77411] Writing DB stats neutron:SELECT=3 {{(pid=77411) stat_writer /opt/stack/data/venv/lib/python3.12/site-packages/dbcounter.py:115}}
Nov 12 11:47:42.531290 np7f170a1b5c204 neutron-periodic-workers[77430]: DEBUG neutron.db.agents_db [None req-6f1f86f2-8f33-41b2-8f41-9405a01efc02 None None] Agent healthcheck: found 0 active agents {{(pid=77430) agent_health_check /opt/stack/neutron/neutron/db/agents_db.py:317}}
Nov 12 11:47:42.531700 np7f170a1b5c204 neutron-periodic-workers[77430]: DEBUG oslo.service.backend._threading.loopingcall [None req-6f1f86f2-8f33-41b2-8f41-9405a01efc02 None None] Fixed interval looping call 'neutron.plugins.ml2.plugin.AgentDbMixin.agent_health_check' sleeping for 37.00 seconds {{(pid=77430) _run_loop /opt/stack/data/venv/lib/python3.12/site-packages/oslo_service/backend/_threading/loopingcall.py:165}}
Nov 12 11:47:47.505586 np7f170a1b5c204 neutron-periodic-workers[77411]: DEBUG oslo.service.backend._threading.loopingcall [None req-5dce6344-b75a-438b-874e-4e2a64056499 None None] Fixed interval looping call 'neutron.plugins.ml2.plugin.DhcpAgentSchedulerDbMixin.remove_networks_from_down_agents' sleeping for 36.99 seconds {{(pid=77411) _run_loop /opt/stack/data/venv/lib/python3.12/site-packages/oslo_service/backend/_threading/loopingcall.py:165}}
Nov 12 11:47:52.530252 np7f170a1b5c204 neutron-periodic-workers[77430]: DEBUG dbcounter [-] [77430] Writing DB stats neutron:SELECT=1 {{(pid=77430) stat_writer /opt/stack/data/venv/lib/python3.12/site-packages/dbcounter.py:115}}
Nov 12 11:47:57.504997 np7f170a1b5c204 neutron-periodic-workers[77411]: DEBUG dbcounter [-] [77411] Writing DB stats neutron:SELECT=3 {{(pid=77411) stat_writer /opt/stack/data/venv/lib/python3.12/site-packages/dbcounter.py:115}}
Nov 12 11:48:19.534063 np7f170a1b5c204 neutron-periodic-workers[77430]: DEBUG neutron.db.agents_db [None req-6f1f86f2-8f33-41b2-8f41-9405a01efc02 None None] Agent healthcheck: found 0 active agents {{(pid=77430) agent_health_check /opt/stack/neutron/neutron/db/agents_db.py:317}}
Nov 12 11:48:19.534435 np7f170a1b5c204 neutron-periodic-workers[77430]: DEBUG oslo.service.backend._threading.loopingcall [None req-6f1f86f2-8f33-41b2-8f41-9405a01efc02 None None] Fixed interval looping call 'neutron.plugins.ml2.plugin.AgentDbMixin.agent_health_check' sleeping for 37.00 seconds {{(pid=77430) _run_loop /opt/stack/data/venv/lib/python3.12/site-packages/oslo_service/backend/_threading/loopingcall.py:165}}
Nov 12 11:48:22.563357 np7f170a1b5c204 neutron-periodic-workers[77440]: DEBUG oslo.service.backend._threading.loopingcall [None req-19cadd29-e00d-42e0-9ea1-ef8b6c5f9f3f None None] Fixed interval looping call 'neutron.db.quota.driver_nolock.DbQuotaNoLockDriver._remove_expired_reservations' sleeping for 120.00 seconds {{(pid=77440) _run_loop /opt/stack/data/venv/lib/python3.12/site-packages/oslo_service/backend/_threading/loopingcall.py:165}}
Nov 12 11:48:22.597561 np7f170a1b5c204 neutron-periodic-workers[77459]: DEBUG dbcounter [-] [77459] Writer thread running {{(pid=77459) stat_writer /opt/stack/data/venv/lib/python3.12/site-packages/dbcounter.py:102}}
Nov 12 11:48:22.606244 np7f170a1b5c204 neutron-periodic-workers[77459]: DEBUG oslo.service.backend._threading.loopingcall [None req-69d85677-98f9-4e7b-bd08-fbb762cebd9e None None] Fixed interval looping call 'neutron.services.ovn_l3.plugin.L3_NAT_dbonly_mixin._clean_garbage' sleeping for 299.97 seconds {{(pid=77459) _run_loop /opt/stack/data/venv/lib/python3.12/site-packages/oslo_service/backend/_threading/loopingcall.py:165}}
Nov 12 11:48:24.502370 np7f170a1b5c204 neutron-periodic-workers[77411]: DEBUG oslo.service.backend._threading.loopingcall [None req-5dce6344-b75a-438b-874e-4e2a64056499 None None] Fixed interval looping call 'neutron.plugins.ml2.plugin.DhcpAgentSchedulerDbMixin.remove_networks_from_down_agents' sleeping for 36.99 seconds {{(pid=77411) _run_loop /opt/stack/data/venv/lib/python3.12/site-packages/oslo_service/backend/_threading/loopingcall.py:165}}
Nov 12 11:48:29.533330 np7f170a1b5c204 neutron-periodic-workers[77430]: DEBUG dbcounter [-] [77430] Writing DB stats neutron:SELECT=1 {{(pid=77430) stat_writer /opt/stack/data/venv/lib/python3.12/site-packages/dbcounter.py:115}}
Nov 12 11:48:32.562257 np7f170a1b5c204 neutron-periodic-workers[77440]: DEBUG dbcounter [-] [77440] Writing DB stats neutron:DELETE=1 {{(pid=77440) stat_writer /opt/stack/data/venv/lib/python3.12/site-packages/dbcounter.py:115}}
Nov 12 11:48:32.598077 np7f170a1b5c204 neutron-periodic-workers[77459]: DEBUG dbcounter [-] [77459] Writing DB stats neutron:SELECT=1 {{(pid=77459) stat_writer /opt/stack/data/venv/lib/python3.12/site-packages/dbcounter.py:115}}
Nov 12 11:48:34.501520 np7f170a1b5c204 neutron-periodic-workers[77411]: DEBUG dbcounter [-] [77411] Writing DB stats neutron:SELECT=3 {{(pid=77411) stat_writer /opt/stack/data/venv/lib/python3.12/site-packages/dbcounter.py:115}}
Nov 12 11:48:56.537691 np7f170a1b5c204 neutron-periodic-workers[77430]: DEBUG neutron.db.agents_db [None req-6f1f86f2-8f33-41b2-8f41-9405a01efc02 None None] Agent healthcheck: found 0 active agents {{(pid=77430) agent_health_check /opt/stack/neutron/neutron/db/agents_db.py:317}}
Nov 12 11:48:56.538074 np7f170a1b5c204 neutron-periodic-workers[77430]: DEBUG oslo.service.backend._threading.loopingcall [None req-6f1f86f2-8f33-41b2-8f41-9405a01efc02 None None] Fixed interval looping call 'neutron.plugins.ml2.plugin.AgentDbMixin.agent_health_check' sleeping for 37.00 seconds {{(pid=77430) _run_loop /opt/stack/data/venv/lib/python3.12/site-packages/oslo_service/backend/_threading/loopingcall.py:165}}
Nov 12 11:49:01.498232 np7f170a1b5c204 neutron-periodic-workers[77411]: DEBUG oslo.service.backend._threading.loopingcall [None req-5dce6344-b75a-438b-874e-4e2a64056499 None None] Fixed interval looping call 'neutron.plugins.ml2.plugin.DhcpAgentSchedulerDbMixin.remove_networks_from_down_agents' sleeping for 36.99 seconds {{(pid=77411) _run_loop /opt/stack/data/venv/lib/python3.12/site-packages/oslo_service/backend/_threading/loopingcall.py:165}}
Nov 12 11:49:06.536593 np7f170a1b5c204 neutron-periodic-workers[77430]: DEBUG dbcounter [-] [77430] Writing DB stats neutron:SELECT=1 {{(pid=77430) stat_writer /opt/stack/data/venv/lib/python3.12/site-packages/dbcounter.py:115}}
Nov 12 11:49:11.497385 np7f170a1b5c204 neutron-periodic-workers[77411]: DEBUG dbcounter [-] [77411] Writing DB stats neutron:SELECT=3 {{(pid=77411) stat_writer /opt/stack/data/venv/lib/python3.12/site-packages/dbcounter.py:115}}
Nov 12 11:49:33.541420 np7f170a1b5c204 neutron-periodic-workers[77430]: DEBUG neutron.db.agents_db [None req-6f1f86f2-8f33-41b2-8f41-9405a01efc02 None None] Agent healthcheck: found 0 active agents {{(pid=77430) agent_health_check /opt/stack/neutron/neutron/db/agents_db.py:317}}
Nov 12 11:49:33.541771 np7f170a1b5c204 neutron-periodic-workers[77430]: DEBUG oslo.service.backend._threading.loopingcall [None req-6f1f86f2-8f33-41b2-8f41-9405a01efc02 None None] Fixed interval looping call 'neutron.plugins.ml2.plugin.AgentDbMixin.agent_health_check' sleeping for 37.00 seconds {{(pid=77430) _run_loop /opt/stack/data/venv/lib/python3.12/site-packages/oslo_service/backend/_threading/loopingcall.py:165}}
Nov 12 11:49:38.494020 np7f170a1b5c204 neutron-periodic-workers[77411]: DEBUG oslo.service.backend._threading.loopingcall [None req-5dce6344-b75a-438b-874e-4e2a64056499 None None] Fixed interval looping call 'neutron.plugins.ml2.plugin.DhcpAgentSchedulerDbMixin.remove_networks_from_down_agents' sleeping for 36.99 seconds {{(pid=77411) _run_loop /opt/stack/data/venv/lib/python3.12/site-packages/oslo_service/backend/_threading/loopingcall.py:165}}
Nov 12 11:49:43.540204 np7f170a1b5c204 neutron-periodic-workers[77430]: DEBUG dbcounter [-] [77430] Writing DB stats neutron:SELECT=1 {{(pid=77430) stat_writer /opt/stack/data/venv/lib/python3.12/site-packages/dbcounter.py:115}}
Nov 12 11:49:48.492743 np7f170a1b5c204 neutron-periodic-workers[77411]: DEBUG dbcounter [-] [77411] Writing DB stats neutron:SELECT=3 {{(pid=77411) stat_writer /opt/stack/data/venv/lib/python3.12/site-packages/dbcounter.py:115}}
Nov 12 11:50:10.544938 np7f170a1b5c204 neutron-periodic-workers[77430]: DEBUG neutron.db.agents_db [None req-6f1f86f2-8f33-41b2-8f41-9405a01efc02 None None] Agent healthcheck: found 0 active agents {{(pid=77430) agent_health_check /opt/stack/neutron/neutron/db/agents_db.py:317}}
Nov 12 11:50:10.545316 np7f170a1b5c204 neutron-periodic-workers[77430]: DEBUG oslo.service.backend._threading.loopingcall [None req-6f1f86f2-8f33-41b2-8f41-9405a01efc02 None None] Fixed interval looping call 'neutron.plugins.ml2.plugin.AgentDbMixin.agent_health_check' sleeping for 37.00 seconds {{(pid=77430) _run_loop /opt/stack/data/venv/lib/python3.12/site-packages/oslo_service/backend/_threading/loopingcall.py:165}}
Nov 12 11:50:15.489638 np7f170a1b5c204 neutron-periodic-workers[77411]: DEBUG oslo.service.backend._threading.loopingcall [None req-5dce6344-b75a-438b-874e-4e2a64056499 None None] Fixed interval looping call 'neutron.plugins.ml2.plugin.DhcpAgentSchedulerDbMixin.remove_networks_from_down_agents' sleeping for 36.99 seconds {{(pid=77411) _run_loop /opt/stack/data/venv/lib/python3.12/site-packages/oslo_service/backend/_threading/loopingcall.py:165}}
Nov 12 11:50:20.543857 np7f170a1b5c204 neutron-periodic-workers[77430]: DEBUG dbcounter [-] [77430] Writing DB stats neutron:SELECT=1 {{(pid=77430) stat_writer /opt/stack/data/venv/lib/python3.12/site-packages/dbcounter.py:115}}
Nov 12 11:50:22.566042 np7f170a1b5c204 neutron-periodic-workers[77440]: DEBUG oslo.service.backend._threading.loopingcall [None req-19cadd29-e00d-42e0-9ea1-ef8b6c5f9f3f None None] Fixed interval looping call 'neutron.db.quota.driver_nolock.DbQuotaNoLockDriver._remove_expired_reservations' sleeping for 120.00 seconds {{(pid=77440) _run_loop /opt/stack/data/venv/lib/python3.12/site-packages/oslo_service/backend/_threading/loopingcall.py:165}}
Nov 12 11:50:25.489057 np7f170a1b5c204 neutron-periodic-workers[77411]: DEBUG dbcounter [-] [77411] Writing DB stats neutron:SELECT=3 {{(pid=77411) stat_writer /opt/stack/data/venv/lib/python3.12/site-packages/dbcounter.py:115}}
Nov 12 11:50:32.565441 np7f170a1b5c204 neutron-periodic-workers[77440]: DEBUG dbcounter [-] [77440] Writing DB stats neutron:DELETE=1 {{(pid=77440) stat_writer /opt/stack/data/venv/lib/python3.12/site-packages/dbcounter.py:115}}
Nov 12 11:50:47.548518 np7f170a1b5c204 neutron-periodic-workers[77430]: DEBUG neutron.db.agents_db [None req-6f1f86f2-8f33-41b2-8f41-9405a01efc02 None None] Agent healthcheck: found 0 active agents {{(pid=77430) agent_health_check /opt/stack/neutron/neutron/db/agents_db.py:317}}
Nov 12 11:50:47.548901 np7f170a1b5c204 neutron-periodic-workers[77430]: DEBUG oslo.service.backend._threading.loopingcall [None req-6f1f86f2-8f33-41b2-8f41-9405a01efc02 None None] Fixed interval looping call 'neutron.plugins.ml2.plugin.AgentDbMixin.agent_health_check' sleeping for 37.00 seconds {{(pid=77430) _run_loop /opt/stack/data/venv/lib/python3.12/site-packages/oslo_service/backend/_threading/loopingcall.py:165}}
Nov 12 11:50:52.493550 np7f170a1b5c204 neutron-periodic-workers[77411]: DEBUG oslo.service.backend._threading.loopingcall [None req-5dce6344-b75a-438b-874e-4e2a64056499 None None] Fixed interval looping call 'neutron.plugins.ml2.plugin.DhcpAgentSchedulerDbMixin.remove_networks_from_down_agents' sleeping for 36.99 seconds {{(pid=77411) _run_loop /opt/stack/data/venv/lib/python3.12/site-packages/oslo_service/backend/_threading/loopingcall.py:165}}
Nov 12 11:50:57.547418 np7f170a1b5c204 neutron-periodic-workers[77430]: DEBUG dbcounter [-] [77430] Writing DB stats neutron:SELECT=1 {{(pid=77430) stat_writer /opt/stack/data/venv/lib/python3.12/site-packages/dbcounter.py:115}}
Nov 12 11:51:02.493342 np7f170a1b5c204 neutron-periodic-workers[77411]: DEBUG dbcounter [-] [77411] Writing DB stats neutron:SELECT=3 {{(pid=77411) stat_writer /opt/stack/data/venv/lib/python3.12/site-packages/dbcounter.py:115}}
Nov 12 11:51:24.551608 np7f170a1b5c204 neutron-periodic-workers[77430]: DEBUG neutron.db.agents_db [None req-6f1f86f2-8f33-41b2-8f41-9405a01efc02 None None] Agent healthcheck: found 0 active agents {{(pid=77430) agent_health_check /opt/stack/neutron/neutron/db/agents_db.py:317}}
Nov 12 11:51:24.551967 np7f170a1b5c204 neutron-periodic-workers[77430]: DEBUG oslo.service.backend._threading.loopingcall [None req-6f1f86f2-8f33-41b2-8f41-9405a01efc02 None None] Fixed interval looping call 'neutron.plugins.ml2.plugin.AgentDbMixin.agent_health_check' sleeping for 37.00 seconds {{(pid=77430) _run_loop /opt/stack/data/venv/lib/python3.12/site-packages/oslo_service/backend/_threading/loopingcall.py:165}}
Nov 12 11:51:29.488389 np7f170a1b5c204 neutron-periodic-workers[77411]: DEBUG oslo.service.backend._threading.loopingcall [None req-5dce6344-b75a-438b-874e-4e2a64056499 None None] Fixed interval looping call 'neutron.plugins.ml2.plugin.DhcpAgentSchedulerDbMixin.remove_networks_from_down_agents' sleeping for 37.00 seconds {{(pid=77411) _run_loop /opt/stack/data/venv/lib/python3.12/site-packages/oslo_service/backend/_threading/loopingcall.py:165}}
Nov 12 11:51:34.550767 np7f170a1b5c204 neutron-periodic-workers[77430]: DEBUG dbcounter [-] [77430] Writing DB stats neutron:SELECT=1 {{(pid=77430) stat_writer /opt/stack/data/venv/lib/python3.12/site-packages/dbcounter.py:115}}
Nov 12 11:51:39.488193 np7f170a1b5c204 neutron-periodic-workers[77411]: DEBUG dbcounter [-] [77411] Writing DB stats neutron:SELECT=3 {{(pid=77411) stat_writer /opt/stack/data/venv/lib/python3.12/site-packages/dbcounter.py:115}}
Nov 12 11:52:01.555352 np7f170a1b5c204 neutron-periodic-workers[77430]: DEBUG neutron.db.agents_db [None req-6f1f86f2-8f33-41b2-8f41-9405a01efc02 None None] Agent healthcheck: found 0 active agents {{(pid=77430) agent_health_check /opt/stack/neutron/neutron/db/agents_db.py:317}}
Nov 12 11:52:01.555749 np7f170a1b5c204 neutron-periodic-workers[77430]: DEBUG oslo.service.backend._threading.loopingcall [None req-6f1f86f2-8f33-41b2-8f41-9405a01efc02 None None] Fixed interval looping call 'neutron.plugins.ml2.plugin.AgentDbMixin.agent_health_check' sleeping for 37.00 seconds {{(pid=77430) _run_loop /opt/stack/data/venv/lib/python3.12/site-packages/oslo_service/backend/_threading/loopingcall.py:165}}
Nov 12 11:52:06.495152 np7f170a1b5c204 neutron-periodic-workers[77411]: DEBUG oslo.service.backend._threading.loopingcall [None req-5dce6344-b75a-438b-874e-4e2a64056499 None None] Fixed interval looping call 'neutron.plugins.ml2.plugin.DhcpAgentSchedulerDbMixin.remove_networks_from_down_agents' sleeping for 36.99 seconds {{(pid=77411) _run_loop /opt/stack/data/venv/lib/python3.12/site-packages/oslo_service/backend/_threading/loopingcall.py:165}}
Nov 12 11:52:11.554381 np7f170a1b5c204 neutron-periodic-workers[77430]: DEBUG dbcounter [-] [77430] Writing DB stats neutron:SELECT=1 {{(pid=77430) stat_writer /opt/stack/data/venv/lib/python3.12/site-packages/dbcounter.py:115}}
Nov 12 11:52:16.493519 np7f170a1b5c204 neutron-periodic-workers[77411]: DEBUG dbcounter [-] [77411] Writing DB stats neutron:SELECT=3 {{(pid=77411) stat_writer /opt/stack/data/venv/lib/python3.12/site-packages/dbcounter.py:115}}
Nov 12 11:52:22.568685 np7f170a1b5c204 neutron-periodic-workers[77440]: DEBUG oslo.service.backend._threading.loopingcall [None req-19cadd29-e00d-42e0-9ea1-ef8b6c5f9f3f None None] Fixed interval looping call 'neutron.db.quota.driver_nolock.DbQuotaNoLockDriver._remove_expired_reservations' sleeping for 120.00 seconds {{(pid=77440) _run_loop /opt/stack/data/venv/lib/python3.12/site-packages/oslo_service/backend/_threading/loopingcall.py:165}}
Nov 12 11:52:32.568402 np7f170a1b5c204 neutron-periodic-workers[77440]: DEBUG dbcounter [-] [77440] Writing DB stats neutron:DELETE=1 {{(pid=77440) stat_writer /opt/stack/data/venv/lib/python3.12/site-packages/dbcounter.py:115}}
Nov 12 11:52:38.558522 np7f170a1b5c204 neutron-periodic-workers[77430]: DEBUG neutron.db.agents_db [None req-6f1f86f2-8f33-41b2-8f41-9405a01efc02 None None] Agent healthcheck: found 0 active agents {{(pid=77430) agent_health_check /opt/stack/neutron/neutron/db/agents_db.py:317}}
Nov 12 11:52:38.558891 np7f170a1b5c204 neutron-periodic-workers[77430]: DEBUG oslo.service.backend._threading.loopingcall [None req-6f1f86f2-8f33-41b2-8f41-9405a01efc02 None None] Fixed interval looping call 'neutron.plugins.ml2.plugin.AgentDbMixin.agent_health_check' sleeping for 37.00 seconds {{(pid=77430) _run_loop /opt/stack/data/venv/lib/python3.12/site-packages/oslo_service/backend/_threading/loopingcall.py:165}}
Nov 12 11:52:43.489929 np7f170a1b5c204 neutron-periodic-workers[77411]: DEBUG oslo.service.backend._threading.loopingcall [None req-5dce6344-b75a-438b-874e-4e2a64056499 None None] Fixed interval looping call 'neutron.plugins.ml2.plugin.DhcpAgentSchedulerDbMixin.remove_networks_from_down_agents' sleeping for 37.00 seconds {{(pid=77411) _run_loop /opt/stack/data/venv/lib/python3.12/site-packages/oslo_service/backend/_threading/loopingcall.py:165}}
Nov 12 11:52:48.557541 np7f170a1b5c204 neutron-periodic-workers[77430]: DEBUG dbcounter [-] [77430] Writing DB stats neutron:SELECT=1 {{(pid=77430) stat_writer /opt/stack/data/venv/lib/python3.12/site-packages/dbcounter.py:115}}
Nov 12 11:52:53.489581 np7f170a1b5c204 neutron-periodic-workers[77411]: DEBUG dbcounter [-] [77411] Writing DB stats neutron:SELECT=3 {{(pid=77411) stat_writer /opt/stack/data/venv/lib/python3.12/site-packages/dbcounter.py:115}}
Nov 12 11:53:15.561740 np7f170a1b5c204 neutron-periodic-workers[77430]: DEBUG neutron.db.agents_db [None req-6f1f86f2-8f33-41b2-8f41-9405a01efc02 None None] Agent healthcheck: found 0 active agents {{(pid=77430) agent_health_check /opt/stack/neutron/neutron/db/agents_db.py:317}}
Nov 12 11:53:15.562146 np7f170a1b5c204 neutron-periodic-workers[77430]: DEBUG oslo.service.backend._threading.loopingcall [None req-6f1f86f2-8f33-41b2-8f41-9405a01efc02 None None] Fixed interval looping call 'neutron.plugins.ml2.plugin.AgentDbMixin.agent_health_check' sleeping for 37.00 seconds {{(pid=77430) _run_loop /opt/stack/data/venv/lib/python3.12/site-packages/oslo_service/backend/_threading/loopingcall.py:165}}
Nov 12 11:53:20.495608 np7f170a1b5c204 neutron-periodic-workers[77411]: DEBUG oslo.service.backend._threading.loopingcall [None req-5dce6344-b75a-438b-874e-4e2a64056499 None None] Fixed interval looping call 'neutron.plugins.ml2.plugin.DhcpAgentSchedulerDbMixin.remove_networks_from_down_agents' sleeping for 36.99 seconds {{(pid=77411) _run_loop /opt/stack/data/venv/lib/python3.12/site-packages/oslo_service/backend/_threading/loopingcall.py:165}}
Nov 12 11:53:22.581891 np7f170a1b5c204 neutron-periodic-workers[77459]: DEBUG oslo.service.backend._threading.loopingcall [None req-69d85677-98f9-4e7b-bd08-fbb762cebd9e None None] Fixed interval looping call 'neutron.services.ovn_l3.plugin.L3_NAT_dbonly_mixin._clean_garbage' sleeping for 299.99 seconds {{(pid=77459) _run_loop /opt/stack/data/venv/lib/python3.12/site-packages/oslo_service/backend/_threading/loopingcall.py:165}}
Nov 12 11:53:25.596123 np7f170a1b5c204 neutron-periodic-workers[77430]: DEBUG dbcounter [-] [77430] Writing DB stats neutron:SELECT=1 {{(pid=77430) stat_writer /opt/stack/data/venv/lib/python3.12/site-packages/dbcounter.py:115}}
Nov 12 11:53:30.494840 np7f170a1b5c204 neutron-periodic-workers[77411]: DEBUG dbcounter [-] [77411] Writing DB stats neutron:SELECT=3 {{(pid=77411) stat_writer /opt/stack/data/venv/lib/python3.12/site-packages/dbcounter.py:115}}
Nov 12 11:53:32.578703 np7f170a1b5c204 neutron-periodic-workers[77459]: DEBUG dbcounter [-] [77459] Writing DB stats neutron:SELECT=1 {{(pid=77459) stat_writer /opt/stack/data/venv/lib/python3.12/site-packages/dbcounter.py:115}}
Nov 12 11:53:52.564730 np7f170a1b5c204 neutron-periodic-workers[77430]: DEBUG neutron.db.agents_db [None req-6f1f86f2-8f33-41b2-8f41-9405a01efc02 None None] Agent healthcheck: found 0 active agents {{(pid=77430) agent_health_check /opt/stack/neutron/neutron/db/agents_db.py:317}}
Nov 12 11:53:52.565074 np7f170a1b5c204 neutron-periodic-workers[77430]: DEBUG oslo.service.backend._threading.loopingcall [None req-6f1f86f2-8f33-41b2-8f41-9405a01efc02 None None] Fixed interval looping call 'neutron.plugins.ml2.plugin.AgentDbMixin.agent_health_check' sleeping for 37.00 seconds {{(pid=77430) _run_loop /opt/stack/data/venv/lib/python3.12/site-packages/oslo_service/backend/_threading/loopingcall.py:165}}
Nov 12 11:53:57.491270 np7f170a1b5c204 neutron-periodic-workers[77411]: DEBUG oslo.service.backend._threading.loopingcall [None req-5dce6344-b75a-438b-874e-4e2a64056499 None None] Fixed interval looping call 'neutron.plugins.ml2.plugin.DhcpAgentSchedulerDbMixin.remove_networks_from_down_agents' sleeping for 36.99 seconds {{(pid=77411) _run_loop /opt/stack/data/venv/lib/python3.12/site-packages/oslo_service/backend/_threading/loopingcall.py:165}}
Nov 12 11:54:02.563874 np7f170a1b5c204 neutron-periodic-workers[77430]: DEBUG dbcounter [-] [77430] Writing DB stats neutron:SELECT=1 {{(pid=77430) stat_writer /opt/stack/data/venv/lib/python3.12/site-packages/dbcounter.py:115}}
Nov 12 11:54:07.491123 np7f170a1b5c204 neutron-periodic-workers[77411]: DEBUG dbcounter [-] [77411] Writing DB stats neutron:SELECT=3 {{(pid=77411) stat_writer /opt/stack/data/venv/lib/python3.12/site-packages/dbcounter.py:115}}
Nov 12 11:54:22.571499 np7f170a1b5c204 neutron-periodic-workers[77440]: DEBUG oslo.service.backend._threading.loopingcall [None req-19cadd29-e00d-42e0-9ea1-ef8b6c5f9f3f None None] Fixed interval looping call 'neutron.db.quota.driver_nolock.DbQuotaNoLockDriver._remove_expired_reservations' sleeping for 120.00 seconds {{(pid=77440) _run_loop /opt/stack/data/venv/lib/python3.12/site-packages/oslo_service/backend/_threading/loopingcall.py:165}}
Nov 12 11:54:29.567624 np7f170a1b5c204 neutron-periodic-workers[77430]: DEBUG neutron.db.agents_db [None req-6f1f86f2-8f33-41b2-8f41-9405a01efc02 None None] Agent healthcheck: found 0 active agents {{(pid=77430) agent_health_check /opt/stack/neutron/neutron/db/agents_db.py:317}}
Nov 12 11:54:29.568026 np7f170a1b5c204 neutron-periodic-workers[77430]: DEBUG oslo.service.backend._threading.loopingcall [None req-6f1f86f2-8f33-41b2-8f41-9405a01efc02 None None] Fixed interval looping call 'neutron.plugins.ml2.plugin.AgentDbMixin.agent_health_check' sleeping for 37.00 seconds {{(pid=77430) _run_loop /opt/stack/data/venv/lib/python3.12/site-packages/oslo_service/backend/_threading/loopingcall.py:165}}
Nov 12 11:54:32.570723 np7f170a1b5c204 neutron-periodic-workers[77440]: DEBUG dbcounter [-] [77440] Writing DB stats neutron:DELETE=1 {{(pid=77440) stat_writer /opt/stack/data/venv/lib/python3.12/site-packages/dbcounter.py:115}}
Nov 12 11:54:34.486285 np7f170a1b5c204 neutron-periodic-workers[77411]: DEBUG oslo.service.backend._threading.loopingcall [None req-5dce6344-b75a-438b-874e-4e2a64056499 None None] Fixed interval looping call 'neutron.plugins.ml2.plugin.DhcpAgentSchedulerDbMixin.remove_networks_from_down_agents' sleeping for 37.00 seconds {{(pid=77411) _run_loop /opt/stack/data/venv/lib/python3.12/site-packages/oslo_service/backend/_threading/loopingcall.py:165}}
Nov 12 11:54:39.566830 np7f170a1b5c204 neutron-periodic-workers[77430]: DEBUG dbcounter [-] [77430] Writing DB stats neutron:SELECT=1 {{(pid=77430) stat_writer /opt/stack/data/venv/lib/python3.12/site-packages/dbcounter.py:115}}
Nov 12 11:54:44.485858 np7f170a1b5c204 neutron-periodic-workers[77411]: DEBUG dbcounter [-] [77411] Writing DB stats neutron:SELECT=3 {{(pid=77411) stat_writer /opt/stack/data/venv/lib/python3.12/site-packages/dbcounter.py:115}}
Nov 12 11:55:06.571839 np7f170a1b5c204 neutron-periodic-workers[77430]: DEBUG neutron.db.agents_db [None req-6f1f86f2-8f33-41b2-8f41-9405a01efc02 None None] Agent healthcheck: found 0 active agents {{(pid=77430) agent_health_check /opt/stack/neutron/neutron/db/agents_db.py:317}}
Nov 12 11:55:06.571839 np7f170a1b5c204 neutron-periodic-workers[77430]: DEBUG oslo.service.backend._threading.loopingcall [None req-6f1f86f2-8f33-41b2-8f41-9405a01efc02 None None] Fixed interval looping call 'neutron.plugins.ml2.plugin.AgentDbMixin.agent_health_check' sleeping for 37.00 seconds {{(pid=77430) _run_loop /opt/stack/data/venv/lib/python3.12/site-packages/oslo_service/backend/_threading/loopingcall.py:165}}
Nov 12 11:55:11.491354 np7f170a1b5c204 neutron-periodic-workers[77411]: DEBUG oslo.service.backend._threading.loopingcall [None req-5dce6344-b75a-438b-874e-4e2a64056499 None None] Fixed interval looping call 'neutron.plugins.ml2.plugin.DhcpAgentSchedulerDbMixin.remove_networks_from_down_agents' sleeping for 37.00 seconds {{(pid=77411) _run_loop /opt/stack/data/venv/lib/python3.12/site-packages/oslo_service/backend/_threading/loopingcall.py:165}}
